{"id":7173,"date":"2025-01-30T08:49:50","date_gmt":"2025-01-30T08:49:50","guid":{"rendered":"https:\/\/www.goldenglobe.hr\/?post_type=product&#038;p=7173"},"modified":"2025-03-25T15:33:20","modified_gmt":"2025-03-25T15:33:20","slug":"rostep-profi-trodijelne-aluminijske-ljestve-3x13-3x15","status":"publish","type":"product","link":"https:\/\/www.goldenglobe.hr\/index.php\/proizvod\/rostep-profi-trodijelne-aluminijske-ljestve-3x13-3x15\/","title":{"rendered":"ROSTEP PROFI trodijelne aluminijske ljestve &#8211; 3&#215;13, 3&#215;15"},"content":{"rendered":"<p>ROSTEP PROFI trodijelne aluminijske ljestve su prakti\u010dan proizvod za profesionalne svrhe. One su izdr\u017eljive, lagane i imaju mogu\u0107nost postavljanja u razli\u010ditim pozicijama ovisno u svrsi uporabe. Izra\u0111ene su od kvalitetnog aluminijskog materijala koji osigurava stabilnost i sigurnost pri radu na visinama. Imaju \u0161iroke i sigurne stepenice, kao i antistati\u010dki premaz koji sprje\u010dava klizanje i omogu\u0107uje pouzdanu upotrebu u razli\u010ditim uvjetima. Ljestve su dostupne u razli\u010ditim veli\u010dinama i oblicima, \u0161to ih \u010dini prilagodljivim za \u0161irok raspon zadataka i okru\u017eenja.<\/p>\n<p>Opcije veli\u010dina Rostep trodijelnih aluminijskih ljestvi su: 3&#215;13 i 3&#215;15<\/p>\n<p>Rostep trodijelne aluminijske ljestve s mogu\u0107no\u0161\u0107u istezanja u tri sekcije ru\u010dnim putem idealne su za rad na mjestima koja su te\u0161ko dostupna. Zahvaljuju\u0107i svojoj laganoj konstrukciji i funkcionalnosti, ove ljestve zna\u010dajno olak\u0161avaju izvo\u0111enje radova. Uz kratak pregled tehni\u010dkih karakteristika, mo\u017eete prona\u0107i model koji najbolje odgovara va\u0161im potrebama.<\/p>\n<p>Tehni\u010dke specifikacije:<\/p>\n<p><img loading=\"lazy\" decoding=\"async\" class=\"alignnone size-medium wp-image-7177\" src=\"https:\/\/www.goldenglobe.hr\/wp-content\/uploads\/2025\/01\/Screenshot-2025-01-30-at-09.50.43-300x125.png\" alt=\"\" width=\"300\" height=\"125\" srcset=\"https:\/\/www.goldenglobe.hr\/wp-content\/uploads\/2025\/01\/Screenshot-2025-01-30-at-09.50.43-300x125.png 300w, https:\/\/www.goldenglobe.hr\/wp-content\/uploads\/2025\/01\/Screenshot-2025-01-30-at-09.50.43-1024x425.png 1024w, https:\/\/www.goldenglobe.hr\/wp-content\/uploads\/2025\/01\/Screenshot-2025-01-30-at-09.50.43-768x319.png 768w, https:\/\/www.goldenglobe.hr\/wp-content\/uploads\/2025\/01\/Screenshot-2025-01-30-at-09.50.43-1536x638.png 1536w, https:\/\/www.goldenglobe.hr\/wp-content\/uploads\/2025\/01\/Screenshot-2025-01-30-at-09.50.43-2048x851.png 2048w, https:\/\/www.goldenglobe.hr\/wp-content\/uploads\/2025\/01\/Screenshot-2025-01-30-at-09.50.43-1568x651.png 1568w, https:\/\/www.goldenglobe.hr\/wp-content\/uploads\/2025\/01\/Screenshot-2025-01-30-at-09.50.43-600x249.png 600w\" sizes=\"auto, (max-width: 300px) 100vw, 300px\" \/><\/p>\n<p>&nbsp;<\/p>\n","protected":false},"excerpt":{"rendered":"<p>Rostep trodijelne aluminijske ljestve s mogu\u0107no\u0161\u0107u istezanja u tri sekcije ru\u010dnim putem idealne su za rad na mjestima koja su te\u0161ko dostupna. Zahvaljuju\u0107i svojoj laganoj konstrukciji i funkcionalnosti, ove ljestve zna\u010dajno olak\u0161avaju izvo\u0111enje radova. Uz kratak pregled tehni\u010dkih karakteristika, mo\u017eete prona\u0107i model koji najbolje odgovara va\u0161im potrebama. Opcije veli\u010dina Rostep trodijelnih aluminijskih ljestvi su: 3&#215;13 i 3&#215;15<\/p>\n","protected":false},"featured_media":7248,"template":"","meta":[],"product_cat":[59],"product_tag":[],"class_list":{"0":"post-7173","1":"product","2":"type-product","3":"status-publish","4":"has-post-thumbnail","6":"product_cat-aluminijske-ljestve","7":"col-12 col-sm-6 col-md-4 col-lg-3","9":"first","10":"instock","11":"taxable","12":"shipping-taxable","13":"purchasable","14":"product-type-variable","15":"has-default-attributes"},"yoast_head":"<!-- This site is optimized with the Yoast SEO plugin v24.1 - https:\/\/yoast.com\/wordpress\/plugins\/seo\/ -->\n<title>ROSTEP PROFI trodijelne aluminijske ljestve - 3x13, 3x15 - Vi\u0161enamjenske ljestve<\/title>\n<meta name=\"description\" content=\"Aluminijske istezuju\u0107e profesionalne ljestve sa ru\u010dnim istezanjem na tri sekcije koriste se za rad na te\u0161ko dostupnim mjestima. Zbog svoje lako\u0107e i funkcionalnosti uvelike olak\u0161avaju izvo\u0111enje radova.\" \/>\n<meta name=\"robots\" content=\"index, follow, max-snippet:-1, max-image-preview:large, max-video-preview:-1\" \/>\n<link rel=\"canonical\" href=\"https:\/\/www.goldenglobe.hr\/index.php\/proizvod\/rostep-profi-trodijelne-aluminijske-ljestve-3x13-3x15\/\" \/>\n<meta property=\"og:locale\" content=\"hr_HR\" \/>\n<meta property=\"og:type\" content=\"article\" \/>\n<meta property=\"og:title\" content=\"ROSTEP PROFI trodijelne aluminijske ljestve - 3x13, 3x15 - Vi\u0161enamjenske ljestve\" \/>\n<meta property=\"og:description\" content=\"Aluminijske istezuju\u0107e profesionalne ljestve sa ru\u010dnim istezanjem na tri sekcije koriste se za rad na te\u0161ko dostupnim mjestima. Zbog svoje lako\u0107e i funkcionalnosti uvelike olak\u0161avaju izvo\u0111enje radova.\" \/>\n<meta property=\"og:url\" content=\"https:\/\/www.goldenglobe.hr\/index.php\/proizvod\/rostep-profi-trodijelne-aluminijske-ljestve-3x13-3x15\/\" \/>\n<meta property=\"og:site_name\" content=\"Golden Globe d.o.o.\" \/>\n<meta property=\"article:modified_time\" content=\"2025-03-25T15:33:20+00:00\" \/>\n<meta property=\"og:image\" content=\"https:\/\/www.goldenglobe.hr\/wp-content\/uploads\/2025\/01\/PROFESSIONAL-ROSTEP.png\" \/>\n\t<meta property=\"og:image:width\" content=\"380\" \/>\n\t<meta property=\"og:image:height\" content=\"360\" \/>\n\t<meta property=\"og:image:type\" content=\"image\/png\" \/>\n<meta name=\"twitter:card\" content=\"summary_large_image\" \/>\n<meta name=\"twitter:label1\" content=\"Procijenjeno vrijeme \u010ditanja\" \/>\n\t<meta name=\"twitter:data1\" content=\"2 minute\" \/>\n<script type=\"application\/ld+json\" class=\"yoast-schema-graph\">{\"@context\":\"https:\/\/schema.org\",\"@graph\":[{\"@type\":\"WebPage\",\"@id\":\"https:\/\/www.goldenglobe.hr\/index.php\/proizvod\/rostep-profi-trodijelne-aluminijske-ljestve-3x13-3x15\/\",\"url\":\"https:\/\/www.goldenglobe.hr\/index.php\/proizvod\/rostep-profi-trodijelne-aluminijske-ljestve-3x13-3x15\/\",\"name\":\"ROSTEP PROFI trodijelne aluminijske ljestve - 3x13, 3x15 - Vi\u0161enamjenske ljestve\",\"isPartOf\":{\"@id\":\"https:\/\/www.goldenglobe.hr\/#website\"},\"primaryImageOfPage\":{\"@id\":\"https:\/\/www.goldenglobe.hr\/index.php\/proizvod\/rostep-profi-trodijelne-aluminijske-ljestve-3x13-3x15\/#primaryimage\"},\"image\":{\"@id\":\"https:\/\/www.goldenglobe.hr\/index.php\/proizvod\/rostep-profi-trodijelne-aluminijske-ljestve-3x13-3x15\/#primaryimage\"},\"thumbnailUrl\":\"https:\/\/www.goldenglobe.hr\/wp-content\/uploads\/2025\/01\/PROFESSIONAL-ROSTEP.png\",\"datePublished\":\"2025-01-30T08:49:50+00:00\",\"dateModified\":\"2025-03-25T15:33:20+00:00\",\"description\":\"Aluminijske istezuju\u0107e profesionalne ljestve sa ru\u010dnim istezanjem na tri sekcije koriste se za rad na te\u0161ko dostupnim mjestima. Zbog svoje lako\u0107e i funkcionalnosti uvelike olak\u0161avaju izvo\u0111enje radova.\",\"breadcrumb\":{\"@id\":\"https:\/\/www.goldenglobe.hr\/index.php\/proizvod\/rostep-profi-trodijelne-aluminijske-ljestve-3x13-3x15\/#breadcrumb\"},\"inLanguage\":\"hr\",\"potentialAction\":[{\"@type\":\"ReadAction\",\"target\":[\"https:\/\/www.goldenglobe.hr\/index.php\/proizvod\/rostep-profi-trodijelne-aluminijske-ljestve-3x13-3x15\/\"]}]},{\"@type\":\"ImageObject\",\"inLanguage\":\"hr\",\"@id\":\"https:\/\/www.goldenglobe.hr\/index.php\/proizvod\/rostep-profi-trodijelne-aluminijske-ljestve-3x13-3x15\/#primaryimage\",\"url\":\"https:\/\/www.goldenglobe.hr\/wp-content\/uploads\/2025\/01\/PROFESSIONAL-ROSTEP.png\",\"contentUrl\":\"https:\/\/www.goldenglobe.hr\/wp-content\/uploads\/2025\/01\/PROFESSIONAL-ROSTEP.png\",\"width\":380,\"height\":360},{\"@type\":\"BreadcrumbList\",\"@id\":\"https:\/\/www.goldenglobe.hr\/index.php\/proizvod\/rostep-profi-trodijelne-aluminijske-ljestve-3x13-3x15\/#breadcrumb\",\"itemListElement\":[{\"@type\":\"ListItem\",\"position\":1,\"name\":\"Po\u010detna stranica\",\"item\":\"https:\/\/www.goldenglobe.hr\/\"},{\"@type\":\"ListItem\",\"position\":2,\"name\":\"Trgovina\",\"item\":\"https:\/\/www.goldenglobe.hr\/index.php\/trgovina\/\"},{\"@type\":\"ListItem\",\"position\":3,\"name\":\"ROSTEP PROFI trodijelne aluminijske ljestve &#8211; 3&#215;13, 3&#215;15\"}]},{\"@type\":\"WebSite\",\"@id\":\"https:\/\/www.goldenglobe.hr\/#website\",\"url\":\"https:\/\/www.goldenglobe.hr\/\",\"name\":\"Golden Globe d.o.o.\",\"description\":\"Sve za krov na jednomu mjestu\",\"potentialAction\":[{\"@type\":\"SearchAction\",\"target\":{\"@type\":\"EntryPoint\",\"urlTemplate\":\"https:\/\/www.goldenglobe.hr\/?s={search_term_string}\"},\"query-input\":{\"@type\":\"PropertyValueSpecification\",\"valueRequired\":true,\"valueName\":\"search_term_string\"}}],\"inLanguage\":\"hr\"}]}<\/script>\n<!-- \/ Yoast SEO plugin. -->","yoast_head_json":{"title":"ROSTEP PROFI trodijelne aluminijske ljestve - 3x13, 3x15 - Vi\u0161enamjenske ljestve","description":"Aluminijske istezuju\u0107e profesionalne ljestve sa ru\u010dnim istezanjem na tri sekcije koriste se za rad na te\u0161ko dostupnim mjestima. Zbog svoje lako\u0107e i funkcionalnosti uvelike olak\u0161avaju izvo\u0111enje radova.","robots":{"index":"index","follow":"follow","max-snippet":"max-snippet:-1","max-image-preview":"max-image-preview:large","max-video-preview":"max-video-preview:-1"},"canonical":"https:\/\/www.goldenglobe.hr\/index.php\/proizvod\/rostep-profi-trodijelne-aluminijske-ljestve-3x13-3x15\/","og_locale":"hr_HR","og_type":"article","og_title":"ROSTEP PROFI trodijelne aluminijske ljestve - 3x13, 3x15 - Vi\u0161enamjenske ljestve","og_description":"Aluminijske istezuju\u0107e profesionalne ljestve sa ru\u010dnim istezanjem na tri sekcije koriste se za rad na te\u0161ko dostupnim mjestima. Zbog svoje lako\u0107e i funkcionalnosti uvelike olak\u0161avaju izvo\u0111enje radova.","og_url":"https:\/\/www.goldenglobe.hr\/index.php\/proizvod\/rostep-profi-trodijelne-aluminijske-ljestve-3x13-3x15\/","og_site_name":"Golden Globe d.o.o.","article_modified_time":"2025-03-25T15:33:20+00:00","og_image":[{"width":380,"height":360,"url":"https:\/\/www.goldenglobe.hr\/wp-content\/uploads\/2025\/01\/PROFESSIONAL-ROSTEP.png","type":"image\/png"}],"twitter_card":"summary_large_image","twitter_misc":{"Procijenjeno vrijeme \u010ditanja":"2 minute"},"schema":{"@context":"https:\/\/schema.org","@graph":[{"@type":"WebPage","@id":"https:\/\/www.goldenglobe.hr\/index.php\/proizvod\/rostep-profi-trodijelne-aluminijske-ljestve-3x13-3x15\/","url":"https:\/\/www.goldenglobe.hr\/index.php\/proizvod\/rostep-profi-trodijelne-aluminijske-ljestve-3x13-3x15\/","name":"ROSTEP PROFI trodijelne aluminijske ljestve - 3x13, 3x15 - Vi\u0161enamjenske ljestve","isPartOf":{"@id":"https:\/\/www.goldenglobe.hr\/#website"},"primaryImageOfPage":{"@id":"https:\/\/www.goldenglobe.hr\/index.php\/proizvod\/rostep-profi-trodijelne-aluminijske-ljestve-3x13-3x15\/#primaryimage"},"image":{"@id":"https:\/\/www.goldenglobe.hr\/index.php\/proizvod\/rostep-profi-trodijelne-aluminijske-ljestve-3x13-3x15\/#primaryimage"},"thumbnailUrl":"https:\/\/www.goldenglobe.hr\/wp-content\/uploads\/2025\/01\/PROFESSIONAL-ROSTEP.png","datePublished":"2025-01-30T08:49:50+00:00","dateModified":"2025-03-25T15:33:20+00:00","description":"Aluminijske istezuju\u0107e profesionalne ljestve sa ru\u010dnim istezanjem na tri sekcije koriste se za rad na te\u0161ko dostupnim mjestima. Zbog svoje lako\u0107e i funkcionalnosti uvelike olak\u0161avaju izvo\u0111enje radova.","breadcrumb":{"@id":"https:\/\/www.goldenglobe.hr\/index.php\/proizvod\/rostep-profi-trodijelne-aluminijske-ljestve-3x13-3x15\/#breadcrumb"},"inLanguage":"hr","potentialAction":[{"@type":"ReadAction","target":["https:\/\/www.goldenglobe.hr\/index.php\/proizvod\/rostep-profi-trodijelne-aluminijske-ljestve-3x13-3x15\/"]}]},{"@type":"ImageObject","inLanguage":"hr","@id":"https:\/\/www.goldenglobe.hr\/index.php\/proizvod\/rostep-profi-trodijelne-aluminijske-ljestve-3x13-3x15\/#primaryimage","url":"https:\/\/www.goldenglobe.hr\/wp-content\/uploads\/2025\/01\/PROFESSIONAL-ROSTEP.png","contentUrl":"https:\/\/www.goldenglobe.hr\/wp-content\/uploads\/2025\/01\/PROFESSIONAL-ROSTEP.png","width":380,"height":360},{"@type":"BreadcrumbList","@id":"https:\/\/www.goldenglobe.hr\/index.php\/proizvod\/rostep-profi-trodijelne-aluminijske-ljestve-3x13-3x15\/#breadcrumb","itemListElement":[{"@type":"ListItem","position":1,"name":"Po\u010detna stranica","item":"https:\/\/www.goldenglobe.hr\/"},{"@type":"ListItem","position":2,"name":"Trgovina","item":"https:\/\/www.goldenglobe.hr\/index.php\/trgovina\/"},{"@type":"ListItem","position":3,"name":"ROSTEP PROFI trodijelne aluminijske ljestve &#8211; 3&#215;13, 3&#215;15"}]},{"@type":"WebSite","@id":"https:\/\/www.goldenglobe.hr\/#website","url":"https:\/\/www.goldenglobe.hr\/","name":"Golden Globe d.o.o.","description":"Sve za krov na jednomu mjestu","potentialAction":[{"@type":"SearchAction","target":{"@type":"EntryPoint","urlTemplate":"https:\/\/www.goldenglobe.hr\/?s={search_term_string}"},"query-input":{"@type":"PropertyValueSpecification","valueRequired":true,"valueName":"search_term_string"}}],"inLanguage":"hr"}]}},"_links":{"self":[{"href":"https:\/\/www.goldenglobe.hr\/index.php\/wp-json\/wp\/v2\/product\/7173","targetHints":{"allow":["GET"]}}],"collection":[{"href":"https:\/\/www.goldenglobe.hr\/index.php\/wp-json\/wp\/v2\/product"}],"about":[{"href":"https:\/\/www.goldenglobe.hr\/index.php\/wp-json\/wp\/v2\/types\/product"}],"wp:featuredmedia":[{"embeddable":true,"href":"https:\/\/www.goldenglobe.hr\/index.php\/wp-json\/wp\/v2\/media\/7248"}],"wp:attachment":[{"href":"https:\/\/www.goldenglobe.hr\/index.php\/wp-json\/wp\/v2\/media?parent=7173"}],"wp:term":[{"taxonomy":"product_cat","embeddable":true,"href":"https:\/\/www.goldenglobe.hr\/index.php\/wp-json\/wp\/v2\/product_cat?post=7173"},{"taxonomy":"product_tag","embeddable":true,"href":"https:\/\/www.goldenglobe.hr\/index.php\/wp-json\/wp\/v2\/product_tag?post=7173"}],"curies":[{"name":"wp","href":"https:\/\/api.w.org\/{rel}","templated":true}]}}