{"id":6740,"date":"2023-08-30T05:17:31","date_gmt":"2023-08-30T05:17:31","guid":{"rendered":"https:\/\/www.goldenglobe.hr\/?post_type=product&#038;p=6740"},"modified":"2025-08-27T08:21:33","modified_gmt":"2025-08-27T08:21:33","slug":"osb-ploce-utor-pero-15mm","status":"publish","type":"product","link":"https:\/\/www.goldenglobe.hr\/index.php\/proizvod\/osb-ploce-utor-pero-15mm\/","title":{"rendered":"OSB Plo\u010de Utor Pero 15mm"},"content":{"rendered":"<p>OSB3 TG4 67,5 x 250cm<\/p>\n<p>SVE CIJENE SU SA PDV-om<\/p>\n<p>15mm 6,56\u20ac\/m2<\/p>\n<p>OSB plo\u010de su vrsta in\u017eenjerskog drva koja se sastoji od slojeva stisnutih drvenih vlakana. One pru\u017eaju brojne prednosti:<\/p>\n<ul>\n<li>\u010cvrsto\u0107a: OSB plo\u010de su jake, \u010dvrste i otporne na vlagu, \u0161to ih \u010dini prikladnim za uporabu u konstrukcijskim aplikacijama, kao \u0161to su zidovi, krovovi i podovi.<\/li>\n<li>Konzistentnost: OSB se proizvodi pod kontroliranim uvjetima, \u0161to rezultira konzistentnim proizvodom s uniformnim svojstvima.<\/li>\n<li>Upotrebljivost: OSB dostupan je u razli\u010ditim debljinama i veli\u010dinama plo\u010da, \u0161to ga \u010dini prikladnim za razne gra\u0111evinske i samostalne projekte.<\/li>\n<li>Ekonomi\u010dnost: Prilikom monta\u017ee OSB TG4 (OSB plo\u010de sa utor perom sa svih \u010detiri strana) mogu\u0107e je smanjiti koli\u010dinu otpada. Uz ostale prednosti, mogu\u0107nost smanjena otpada \u010dini OSB plo\u010de savr\u0161eno rje\u0161enje sve gra\u0111evinske zahvate.<\/li>\n<li>Odr\u017eivost: OSB se proizvodi od brzo rastu\u0107ih, obnovljivih resursa drva, \u0161to ga \u010dini ekolo\u0161ki odr\u017eivim izborom.<\/li>\n<\/ul>\n<p>Na\u0161e <strong>OSB<\/strong> <strong>plo\u010de<\/strong>\u00a0izra\u0111uju se od posebno odabranih stabala, tzv. &#8220;smr\u010devih sije\u010daka&#8221;, dobivenih uglavnom iz odr\u017eavanja \u0161uma. Drvo se lju\u0161ti i re\u017ee u ravne pravokutne ljuskice sa predodre\u0111enim dimenzijama: du\u017eina od 100 mm, debljina od 0,6 mm i varijabilna \u0161irina, ovisno o dijelu stabla iz kojeg su izra\u0111ene. Strune u OSB teku paralelno uz du\u017einu plo\u010de u vanjskim slojevima i okomito u unutarnjim slojevima. Visoka otpornost na nepovoljne vremenske uvjete posti\u017ee se prskanjem struna posebnim sistemom ljepila i parafinske emulzije. Zahvaljuju\u0107i naprednoj tehnologiji proizvodnje, na\u0161e OSB plo\u010de posti\u017eu usporedive parametre s onima laminiranog drva, iako su zna\u010dajno povoljniji. Jednostavna za obradu, plo\u010da smanjuje tro\u0161enje alata, a njezina visoka \u010dvrsto\u0107a osigurava da nema problema s pri\u010dvr\u0161\u0107ivanjem graditeljskih sidri\u0161ta. OSB plo\u010de su jedinstvene po stabilnosti oblika, vrlo dobroj otpornosti na vremenske uvjete, dobroj zvu\u010dnoj izolaciji, te jednostavnosti rada i obrade. Mikrostruktura sastavljena od pro\u017eetih struna sprje\u010dava da rubovi pucaju \u010dak i u slu\u010daju spajanja rubova. Tako\u0111er osigurava visoku \u010dvrsto\u0107u, otpornost na savijanje i rezanje (va\u017ene karakteristike u gradnji okvira).<\/p>\n","protected":false},"excerpt":{"rendered":"<p>OSB3 TG4 67,5cm x 250cm 15mm<\/p>\n<p>15mm 6,56\u20ac\/m2<\/p>\n<p>1kom = 1.6875m2<\/p>\n<p><strong>Prodajemo OSB plo\u010de ISKLJU\u010cIVO po komadu.\u00a0<\/strong><\/p>\n<p>&nbsp;<\/p>\n","protected":false},"featured_media":6711,"template":"","meta":[],"product_cat":[56,58,62,54,55],"product_tag":[],"class_list":{"0":"post-6740","1":"product","2":"type-product","3":"status-publish","4":"has-post-thumbnail","6":"product_cat-crijep","7":"product_cat-limeni-krov","8":"product_cat-osb","9":"product_cat-krovnaoprema","10":"product_cat-sindra","11":"col-12 col-sm-6 col-md-4 col-lg-3","13":"first","14":"instock","15":"taxable","16":"shipping-taxable","17":"purchasable","18":"product-type-simple"},"yoast_head":"<!-- This site is optimized with the Yoast SEO plugin v24.1 - https:\/\/yoast.com\/wordpress\/plugins\/seo\/ -->\n<title>OSB Plo\u010de Utor Pero 15mm - Golden Globe d.o.o.<\/title>\n<meta name=\"description\" content=\"OSB plo\u010de su jedinstvene po stabilnosti oblika, vrlo dobroj otpornosti na vremenske uvjete, dobroj zvu\u010dnoj izolaciji, te jednostavnosti rada i obrade.\" \/>\n<meta name=\"robots\" content=\"index, follow, max-snippet:-1, max-image-preview:large, max-video-preview:-1\" \/>\n<link rel=\"canonical\" href=\"https:\/\/www.goldenglobe.hr\/index.php\/proizvod\/osb-ploce-utor-pero-15mm\/\" \/>\n<meta property=\"og:locale\" content=\"hr_HR\" \/>\n<meta property=\"og:type\" content=\"article\" \/>\n<meta property=\"og:title\" content=\"OSB Plo\u010de Utor Pero 15mm - Golden Globe d.o.o.\" \/>\n<meta property=\"og:description\" content=\"OSB plo\u010de su jedinstvene po stabilnosti oblika, vrlo dobroj otpornosti na vremenske uvjete, dobroj zvu\u010dnoj izolaciji, te jednostavnosti rada i obrade.\" \/>\n<meta property=\"og:url\" content=\"https:\/\/www.goldenglobe.hr\/index.php\/proizvod\/osb-ploce-utor-pero-15mm\/\" \/>\n<meta property=\"og:site_name\" content=\"Golden Globe d.o.o.\" \/>\n<meta property=\"article:modified_time\" content=\"2025-08-27T08:21:33+00:00\" \/>\n<meta property=\"og:image\" content=\"https:\/\/www.goldenglobe.hr\/wp-content\/uploads\/2023\/05\/Screenshot-2023-07-10-at-10.19.45.png\" \/>\n\t<meta property=\"og:image:width\" content=\"1011\" \/>\n\t<meta property=\"og:image:height\" content=\"963\" \/>\n\t<meta property=\"og:image:type\" content=\"image\/png\" \/>\n<meta name=\"twitter:card\" content=\"summary_large_image\" \/>\n<meta name=\"twitter:label1\" content=\"Procijenjeno vrijeme \u010ditanja\" \/>\n\t<meta name=\"twitter:data1\" content=\"2 minute\" \/>\n<script type=\"application\/ld+json\" class=\"yoast-schema-graph\">{\"@context\":\"https:\/\/schema.org\",\"@graph\":[{\"@type\":\"WebPage\",\"@id\":\"https:\/\/www.goldenglobe.hr\/index.php\/proizvod\/osb-ploce-utor-pero-15mm\/\",\"url\":\"https:\/\/www.goldenglobe.hr\/index.php\/proizvod\/osb-ploce-utor-pero-15mm\/\",\"name\":\"OSB Plo\u010de Utor Pero 15mm - Golden Globe d.o.o.\",\"isPartOf\":{\"@id\":\"https:\/\/www.goldenglobe.hr\/#website\"},\"primaryImageOfPage\":{\"@id\":\"https:\/\/www.goldenglobe.hr\/index.php\/proizvod\/osb-ploce-utor-pero-15mm\/#primaryimage\"},\"image\":{\"@id\":\"https:\/\/www.goldenglobe.hr\/index.php\/proizvod\/osb-ploce-utor-pero-15mm\/#primaryimage\"},\"thumbnailUrl\":\"https:\/\/www.goldenglobe.hr\/wp-content\/uploads\/2023\/05\/Screenshot-2023-07-10-at-10.19.45.png\",\"datePublished\":\"2023-08-30T05:17:31+00:00\",\"dateModified\":\"2025-08-27T08:21:33+00:00\",\"description\":\"OSB plo\u010de su jedinstvene po stabilnosti oblika, vrlo dobroj otpornosti na vremenske uvjete, dobroj zvu\u010dnoj izolaciji, te jednostavnosti rada i obrade.\",\"breadcrumb\":{\"@id\":\"https:\/\/www.goldenglobe.hr\/index.php\/proizvod\/osb-ploce-utor-pero-15mm\/#breadcrumb\"},\"inLanguage\":\"hr\",\"potentialAction\":[{\"@type\":\"ReadAction\",\"target\":[\"https:\/\/www.goldenglobe.hr\/index.php\/proizvod\/osb-ploce-utor-pero-15mm\/\"]}]},{\"@type\":\"ImageObject\",\"inLanguage\":\"hr\",\"@id\":\"https:\/\/www.goldenglobe.hr\/index.php\/proizvod\/osb-ploce-utor-pero-15mm\/#primaryimage\",\"url\":\"https:\/\/www.goldenglobe.hr\/wp-content\/uploads\/2023\/05\/Screenshot-2023-07-10-at-10.19.45.png\",\"contentUrl\":\"https:\/\/www.goldenglobe.hr\/wp-content\/uploads\/2023\/05\/Screenshot-2023-07-10-at-10.19.45.png\",\"width\":1011,\"height\":963},{\"@type\":\"BreadcrumbList\",\"@id\":\"https:\/\/www.goldenglobe.hr\/index.php\/proizvod\/osb-ploce-utor-pero-15mm\/#breadcrumb\",\"itemListElement\":[{\"@type\":\"ListItem\",\"position\":1,\"name\":\"Po\u010detna stranica\",\"item\":\"https:\/\/www.goldenglobe.hr\/\"},{\"@type\":\"ListItem\",\"position\":2,\"name\":\"Trgovina\",\"item\":\"https:\/\/www.goldenglobe.hr\/index.php\/trgovina\/\"},{\"@type\":\"ListItem\",\"position\":3,\"name\":\"OSB Plo\u010de Utor Pero 15mm\"}]},{\"@type\":\"WebSite\",\"@id\":\"https:\/\/www.goldenglobe.hr\/#website\",\"url\":\"https:\/\/www.goldenglobe.hr\/\",\"name\":\"Golden Globe d.o.o.\",\"description\":\"Sve za krov na jednomu mjestu\",\"potentialAction\":[{\"@type\":\"SearchAction\",\"target\":{\"@type\":\"EntryPoint\",\"urlTemplate\":\"https:\/\/www.goldenglobe.hr\/?s={search_term_string}\"},\"query-input\":{\"@type\":\"PropertyValueSpecification\",\"valueRequired\":true,\"valueName\":\"search_term_string\"}}],\"inLanguage\":\"hr\"}]}<\/script>\n<!-- \/ Yoast SEO plugin. -->","yoast_head_json":{"title":"OSB Plo\u010de Utor Pero 15mm - Golden Globe d.o.o.","description":"OSB plo\u010de su jedinstvene po stabilnosti oblika, vrlo dobroj otpornosti na vremenske uvjete, dobroj zvu\u010dnoj izolaciji, te jednostavnosti rada i obrade.","robots":{"index":"index","follow":"follow","max-snippet":"max-snippet:-1","max-image-preview":"max-image-preview:large","max-video-preview":"max-video-preview:-1"},"canonical":"https:\/\/www.goldenglobe.hr\/index.php\/proizvod\/osb-ploce-utor-pero-15mm\/","og_locale":"hr_HR","og_type":"article","og_title":"OSB Plo\u010de Utor Pero 15mm - Golden Globe d.o.o.","og_description":"OSB plo\u010de su jedinstvene po stabilnosti oblika, vrlo dobroj otpornosti na vremenske uvjete, dobroj zvu\u010dnoj izolaciji, te jednostavnosti rada i obrade.","og_url":"https:\/\/www.goldenglobe.hr\/index.php\/proizvod\/osb-ploce-utor-pero-15mm\/","og_site_name":"Golden Globe d.o.o.","article_modified_time":"2025-08-27T08:21:33+00:00","og_image":[{"width":1011,"height":963,"url":"https:\/\/www.goldenglobe.hr\/wp-content\/uploads\/2023\/05\/Screenshot-2023-07-10-at-10.19.45.png","type":"image\/png"}],"twitter_card":"summary_large_image","twitter_misc":{"Procijenjeno vrijeme \u010ditanja":"2 minute"},"schema":{"@context":"https:\/\/schema.org","@graph":[{"@type":"WebPage","@id":"https:\/\/www.goldenglobe.hr\/index.php\/proizvod\/osb-ploce-utor-pero-15mm\/","url":"https:\/\/www.goldenglobe.hr\/index.php\/proizvod\/osb-ploce-utor-pero-15mm\/","name":"OSB Plo\u010de Utor Pero 15mm - Golden Globe d.o.o.","isPartOf":{"@id":"https:\/\/www.goldenglobe.hr\/#website"},"primaryImageOfPage":{"@id":"https:\/\/www.goldenglobe.hr\/index.php\/proizvod\/osb-ploce-utor-pero-15mm\/#primaryimage"},"image":{"@id":"https:\/\/www.goldenglobe.hr\/index.php\/proizvod\/osb-ploce-utor-pero-15mm\/#primaryimage"},"thumbnailUrl":"https:\/\/www.goldenglobe.hr\/wp-content\/uploads\/2023\/05\/Screenshot-2023-07-10-at-10.19.45.png","datePublished":"2023-08-30T05:17:31+00:00","dateModified":"2025-08-27T08:21:33+00:00","description":"OSB plo\u010de su jedinstvene po stabilnosti oblika, vrlo dobroj otpornosti na vremenske uvjete, dobroj zvu\u010dnoj izolaciji, te jednostavnosti rada i obrade.","breadcrumb":{"@id":"https:\/\/www.goldenglobe.hr\/index.php\/proizvod\/osb-ploce-utor-pero-15mm\/#breadcrumb"},"inLanguage":"hr","potentialAction":[{"@type":"ReadAction","target":["https:\/\/www.goldenglobe.hr\/index.php\/proizvod\/osb-ploce-utor-pero-15mm\/"]}]},{"@type":"ImageObject","inLanguage":"hr","@id":"https:\/\/www.goldenglobe.hr\/index.php\/proizvod\/osb-ploce-utor-pero-15mm\/#primaryimage","url":"https:\/\/www.goldenglobe.hr\/wp-content\/uploads\/2023\/05\/Screenshot-2023-07-10-at-10.19.45.png","contentUrl":"https:\/\/www.goldenglobe.hr\/wp-content\/uploads\/2023\/05\/Screenshot-2023-07-10-at-10.19.45.png","width":1011,"height":963},{"@type":"BreadcrumbList","@id":"https:\/\/www.goldenglobe.hr\/index.php\/proizvod\/osb-ploce-utor-pero-15mm\/#breadcrumb","itemListElement":[{"@type":"ListItem","position":1,"name":"Po\u010detna stranica","item":"https:\/\/www.goldenglobe.hr\/"},{"@type":"ListItem","position":2,"name":"Trgovina","item":"https:\/\/www.goldenglobe.hr\/index.php\/trgovina\/"},{"@type":"ListItem","position":3,"name":"OSB Plo\u010de Utor Pero 15mm"}]},{"@type":"WebSite","@id":"https:\/\/www.goldenglobe.hr\/#website","url":"https:\/\/www.goldenglobe.hr\/","name":"Golden Globe d.o.o.","description":"Sve za krov na jednomu mjestu","potentialAction":[{"@type":"SearchAction","target":{"@type":"EntryPoint","urlTemplate":"https:\/\/www.goldenglobe.hr\/?s={search_term_string}"},"query-input":{"@type":"PropertyValueSpecification","valueRequired":true,"valueName":"search_term_string"}}],"inLanguage":"hr"}]}},"_links":{"self":[{"href":"https:\/\/www.goldenglobe.hr\/index.php\/wp-json\/wp\/v2\/product\/6740","targetHints":{"allow":["GET"]}}],"collection":[{"href":"https:\/\/www.goldenglobe.hr\/index.php\/wp-json\/wp\/v2\/product"}],"about":[{"href":"https:\/\/www.goldenglobe.hr\/index.php\/wp-json\/wp\/v2\/types\/product"}],"wp:featuredmedia":[{"embeddable":true,"href":"https:\/\/www.goldenglobe.hr\/index.php\/wp-json\/wp\/v2\/media\/6711"}],"wp:attachment":[{"href":"https:\/\/www.goldenglobe.hr\/index.php\/wp-json\/wp\/v2\/media?parent=6740"}],"wp:term":[{"taxonomy":"product_cat","embeddable":true,"href":"https:\/\/www.goldenglobe.hr\/index.php\/wp-json\/wp\/v2\/product_cat?post=6740"},{"taxonomy":"product_tag","embeddable":true,"href":"https:\/\/www.goldenglobe.hr\/index.php\/wp-json\/wp\/v2\/product_tag?post=6740"}],"curies":[{"name":"wp","href":"https:\/\/api.w.org\/{rel}","templated":true}]}}