{"id":6518,"date":"2023-03-20T07:08:18","date_gmt":"2023-03-20T07:08:18","guid":{"rendered":"https:\/\/www.goldenglobe.hr\/?post_type=product&#038;p=6518"},"modified":"2024-10-30T15:44:41","modified_gmt":"2024-10-30T15:44:41","slug":"rodach-element-za-ventilaciju","status":"publish","type":"product","link":"https:\/\/www.goldenglobe.hr\/index.php\/proizvod\/rodach-element-za-ventilaciju\/","title":{"rendered":"Rodach element za ventilaciju"},"content":{"rendered":"<p>Rodach element za ventilaciju je inovativni proizvod dizajniran za pobolj\u0161anje kvalitete zraka u va\u0161em domu ili poslovnom prostoru. Ovaj element omogu\u0107ava u\u010dinkovitu ventilaciju prostora i uklanjanje zaga\u0111enja iz zraka, uklju\u010duju\u0107i \u010destice pra\u0161ine, alergene, plijesan, toksine i druge \u0161tetne tvari.<\/p>\n<p>Rodach element za ventilaciju ima moderni i atraktivni dizajn koji se lako integrira u svaki prostor. Tako\u0111er je vrlo jednostavan za instalaciju, te se mo\u017ee koristiti kao samostalan proizvod ili u kombinaciji s drugim sustavima za ventilaciju.<\/p>\n<p>Ovaj proizvod koristi tehnologiju vi\u0161estruke filtracije koja uklanja sve \u0161tetne \u010destice iz zraka i osigurava da se samo \u010dist zrak vra\u0107a u prostoriju. Rodach element za ventilaciju tako\u0111er ima mogu\u0107nost reguliranja brzine protoka zraka i buke, \u0161to omogu\u0107ava korisniku da prilagodi postavke prema svojim potrebama.<\/p>\n<p>Uz Rodach element za ventilaciju, mo\u017eete biti sigurni da \u0107ete uvijek imati svje\u017e i \u010dist zrak u va\u0161em domu ili poslovnom prostoru, \u0161to \u0107e pobolj\u0161ati kvalitetu \u017eivota i zdravlja svih u prostoru.<\/p>\n<p>RODACH krovna oprema je brend krovne opreme sa svim proizvodima pa\u017eljivo proizvedenima u EU. Svi RODACH proizvodi su proizvedeni za sve proizvo\u0111a\u010de crijepa (Tondach, Creaton, BMI, Nexe, Nelskamp, itd.). Razgovarajte sa na\u0161im timom kako bi adekvatno odabrali krovnu opremu za Va\u0161 krov i u\u0161tedite stotine eura!<\/p>\n","protected":false},"excerpt":{"rendered":"<p>Rodach element za ventilaciju je inovativni proizvod dizajniran za pobolj\u0161anje kvalitete zraka u va\u0161em domu ili poslovnom prostoru. Ovaj element omogu\u0107ava u\u010dinkovitu ventilaciju prostora i uklanjanje zaga\u0111enja iz zraka, uklju\u010duju\u0107i \u010destice pra\u0161ine, alergene, plijesan, toksine i druge \u0161tetne tvari.<\/p>\n","protected":false},"featured_media":7142,"template":"","meta":[],"product_cat":[54],"product_tag":[],"class_list":{"0":"post-6518","1":"product","2":"type-product","3":"status-publish","4":"has-post-thumbnail","6":"product_cat-krovnaoprema","7":"col-12 col-sm-6 col-md-4 col-lg-3","9":"first","10":"instock","11":"sale","12":"taxable","13":"shipping-taxable","14":"purchasable","15":"product-type-variable"},"yoast_head":"<!-- This site is optimized with the Yoast SEO plugin v24.1 - https:\/\/yoast.com\/wordpress\/plugins\/seo\/ -->\n<title>Rodach element za ventilaciju - Golden Globe d.o.o.<\/title>\n<meta name=\"robots\" content=\"index, follow, max-snippet:-1, max-image-preview:large, max-video-preview:-1\" \/>\n<link rel=\"canonical\" href=\"https:\/\/www.goldenglobe.hr\/index.php\/proizvod\/rodach-element-za-ventilaciju\/\" \/>\n<meta property=\"og:locale\" content=\"hr_HR\" \/>\n<meta property=\"og:type\" content=\"article\" \/>\n<meta property=\"og:title\" content=\"Rodach element za ventilaciju - Golden Globe d.o.o.\" \/>\n<meta property=\"og:description\" content=\"Rodach element za ventilaciju je inovativni proizvod dizajniran za pobolj\u0161anje kvalitete zraka u va\u0161em domu ili poslovnom prostoru. Ovaj element omogu\u0107ava u\u010dinkovitu ventilaciju prostora i uklanjanje zaga\u0111enja iz zraka, uklju\u010duju\u0107i \u010destice pra\u0161ine, alergene, plijesan, toksine i druge \u0161tetne tvari.\" \/>\n<meta property=\"og:url\" content=\"https:\/\/www.goldenglobe.hr\/index.php\/proizvod\/rodach-element-za-ventilaciju\/\" \/>\n<meta property=\"og:site_name\" content=\"Golden Globe d.o.o.\" \/>\n<meta property=\"article:modified_time\" content=\"2024-10-30T15:44:41+00:00\" \/>\n<meta property=\"og:image\" content=\"https:\/\/www.goldenglobe.hr\/wp-content\/uploads\/2023\/03\/VIRTUM-ELEMENT-ZA-VENTILACIJU.png\" \/>\n\t<meta property=\"og:image:width\" content=\"860\" \/>\n\t<meta property=\"og:image:height\" content=\"754\" \/>\n\t<meta property=\"og:image:type\" content=\"image\/png\" \/>\n<meta name=\"twitter:card\" content=\"summary_large_image\" \/>\n<meta name=\"twitter:label1\" content=\"Procijenjeno vrijeme \u010ditanja\" \/>\n\t<meta name=\"twitter:data1\" content=\"2 minute\" \/>\n<script type=\"application\/ld+json\" class=\"yoast-schema-graph\">{\"@context\":\"https:\/\/schema.org\",\"@graph\":[{\"@type\":\"WebPage\",\"@id\":\"https:\/\/www.goldenglobe.hr\/index.php\/proizvod\/rodach-element-za-ventilaciju\/\",\"url\":\"https:\/\/www.goldenglobe.hr\/index.php\/proizvod\/rodach-element-za-ventilaciju\/\",\"name\":\"Rodach element za ventilaciju - Golden Globe d.o.o.\",\"isPartOf\":{\"@id\":\"https:\/\/www.goldenglobe.hr\/#website\"},\"primaryImageOfPage\":{\"@id\":\"https:\/\/www.goldenglobe.hr\/index.php\/proizvod\/rodach-element-za-ventilaciju\/#primaryimage\"},\"image\":{\"@id\":\"https:\/\/www.goldenglobe.hr\/index.php\/proizvod\/rodach-element-za-ventilaciju\/#primaryimage\"},\"thumbnailUrl\":\"https:\/\/www.goldenglobe.hr\/wp-content\/uploads\/2023\/03\/VIRTUM-ELEMENT-ZA-VENTILACIJU.png\",\"datePublished\":\"2023-03-20T07:08:18+00:00\",\"dateModified\":\"2024-10-30T15:44:41+00:00\",\"breadcrumb\":{\"@id\":\"https:\/\/www.goldenglobe.hr\/index.php\/proizvod\/rodach-element-za-ventilaciju\/#breadcrumb\"},\"inLanguage\":\"hr\",\"potentialAction\":[{\"@type\":\"ReadAction\",\"target\":[\"https:\/\/www.goldenglobe.hr\/index.php\/proizvod\/rodach-element-za-ventilaciju\/\"]}]},{\"@type\":\"ImageObject\",\"inLanguage\":\"hr\",\"@id\":\"https:\/\/www.goldenglobe.hr\/index.php\/proizvod\/rodach-element-za-ventilaciju\/#primaryimage\",\"url\":\"https:\/\/www.goldenglobe.hr\/wp-content\/uploads\/2023\/03\/VIRTUM-ELEMENT-ZA-VENTILACIJU.png\",\"contentUrl\":\"https:\/\/www.goldenglobe.hr\/wp-content\/uploads\/2023\/03\/VIRTUM-ELEMENT-ZA-VENTILACIJU.png\",\"width\":860,\"height\":754},{\"@type\":\"BreadcrumbList\",\"@id\":\"https:\/\/www.goldenglobe.hr\/index.php\/proizvod\/rodach-element-za-ventilaciju\/#breadcrumb\",\"itemListElement\":[{\"@type\":\"ListItem\",\"position\":1,\"name\":\"Po\u010detna stranica\",\"item\":\"https:\/\/www.goldenglobe.hr\/\"},{\"@type\":\"ListItem\",\"position\":2,\"name\":\"Trgovina\",\"item\":\"https:\/\/www.goldenglobe.hr\/index.php\/trgovina\/\"},{\"@type\":\"ListItem\",\"position\":3,\"name\":\"Rodach element za ventilaciju\"}]},{\"@type\":\"WebSite\",\"@id\":\"https:\/\/www.goldenglobe.hr\/#website\",\"url\":\"https:\/\/www.goldenglobe.hr\/\",\"name\":\"Golden Globe d.o.o.\",\"description\":\"Sve za krov na jednomu mjestu\",\"potentialAction\":[{\"@type\":\"SearchAction\",\"target\":{\"@type\":\"EntryPoint\",\"urlTemplate\":\"https:\/\/www.goldenglobe.hr\/?s={search_term_string}\"},\"query-input\":{\"@type\":\"PropertyValueSpecification\",\"valueRequired\":true,\"valueName\":\"search_term_string\"}}],\"inLanguage\":\"hr\"}]}<\/script>\n<!-- \/ Yoast SEO plugin. -->","yoast_head_json":{"title":"Rodach element za ventilaciju - Golden Globe d.o.o.","robots":{"index":"index","follow":"follow","max-snippet":"max-snippet:-1","max-image-preview":"max-image-preview:large","max-video-preview":"max-video-preview:-1"},"canonical":"https:\/\/www.goldenglobe.hr\/index.php\/proizvod\/rodach-element-za-ventilaciju\/","og_locale":"hr_HR","og_type":"article","og_title":"Rodach element za ventilaciju - Golden Globe d.o.o.","og_description":"Rodach element za ventilaciju je inovativni proizvod dizajniran za pobolj\u0161anje kvalitete zraka u va\u0161em domu ili poslovnom prostoru. Ovaj element omogu\u0107ava u\u010dinkovitu ventilaciju prostora i uklanjanje zaga\u0111enja iz zraka, uklju\u010duju\u0107i \u010destice pra\u0161ine, alergene, plijesan, toksine i druge \u0161tetne tvari.","og_url":"https:\/\/www.goldenglobe.hr\/index.php\/proizvod\/rodach-element-za-ventilaciju\/","og_site_name":"Golden Globe d.o.o.","article_modified_time":"2024-10-30T15:44:41+00:00","og_image":[{"width":860,"height":754,"url":"https:\/\/www.goldenglobe.hr\/wp-content\/uploads\/2023\/03\/VIRTUM-ELEMENT-ZA-VENTILACIJU.png","type":"image\/png"}],"twitter_card":"summary_large_image","twitter_misc":{"Procijenjeno vrijeme \u010ditanja":"2 minute"},"schema":{"@context":"https:\/\/schema.org","@graph":[{"@type":"WebPage","@id":"https:\/\/www.goldenglobe.hr\/index.php\/proizvod\/rodach-element-za-ventilaciju\/","url":"https:\/\/www.goldenglobe.hr\/index.php\/proizvod\/rodach-element-za-ventilaciju\/","name":"Rodach element za ventilaciju - Golden Globe d.o.o.","isPartOf":{"@id":"https:\/\/www.goldenglobe.hr\/#website"},"primaryImageOfPage":{"@id":"https:\/\/www.goldenglobe.hr\/index.php\/proizvod\/rodach-element-za-ventilaciju\/#primaryimage"},"image":{"@id":"https:\/\/www.goldenglobe.hr\/index.php\/proizvod\/rodach-element-za-ventilaciju\/#primaryimage"},"thumbnailUrl":"https:\/\/www.goldenglobe.hr\/wp-content\/uploads\/2023\/03\/VIRTUM-ELEMENT-ZA-VENTILACIJU.png","datePublished":"2023-03-20T07:08:18+00:00","dateModified":"2024-10-30T15:44:41+00:00","breadcrumb":{"@id":"https:\/\/www.goldenglobe.hr\/index.php\/proizvod\/rodach-element-za-ventilaciju\/#breadcrumb"},"inLanguage":"hr","potentialAction":[{"@type":"ReadAction","target":["https:\/\/www.goldenglobe.hr\/index.php\/proizvod\/rodach-element-za-ventilaciju\/"]}]},{"@type":"ImageObject","inLanguage":"hr","@id":"https:\/\/www.goldenglobe.hr\/index.php\/proizvod\/rodach-element-za-ventilaciju\/#primaryimage","url":"https:\/\/www.goldenglobe.hr\/wp-content\/uploads\/2023\/03\/VIRTUM-ELEMENT-ZA-VENTILACIJU.png","contentUrl":"https:\/\/www.goldenglobe.hr\/wp-content\/uploads\/2023\/03\/VIRTUM-ELEMENT-ZA-VENTILACIJU.png","width":860,"height":754},{"@type":"BreadcrumbList","@id":"https:\/\/www.goldenglobe.hr\/index.php\/proizvod\/rodach-element-za-ventilaciju\/#breadcrumb","itemListElement":[{"@type":"ListItem","position":1,"name":"Po\u010detna stranica","item":"https:\/\/www.goldenglobe.hr\/"},{"@type":"ListItem","position":2,"name":"Trgovina","item":"https:\/\/www.goldenglobe.hr\/index.php\/trgovina\/"},{"@type":"ListItem","position":3,"name":"Rodach element za ventilaciju"}]},{"@type":"WebSite","@id":"https:\/\/www.goldenglobe.hr\/#website","url":"https:\/\/www.goldenglobe.hr\/","name":"Golden Globe d.o.o.","description":"Sve za krov na jednomu mjestu","potentialAction":[{"@type":"SearchAction","target":{"@type":"EntryPoint","urlTemplate":"https:\/\/www.goldenglobe.hr\/?s={search_term_string}"},"query-input":{"@type":"PropertyValueSpecification","valueRequired":true,"valueName":"search_term_string"}}],"inLanguage":"hr"}]}},"_links":{"self":[{"href":"https:\/\/www.goldenglobe.hr\/index.php\/wp-json\/wp\/v2\/product\/6518","targetHints":{"allow":["GET"]}}],"collection":[{"href":"https:\/\/www.goldenglobe.hr\/index.php\/wp-json\/wp\/v2\/product"}],"about":[{"href":"https:\/\/www.goldenglobe.hr\/index.php\/wp-json\/wp\/v2\/types\/product"}],"wp:featuredmedia":[{"embeddable":true,"href":"https:\/\/www.goldenglobe.hr\/index.php\/wp-json\/wp\/v2\/media\/7142"}],"wp:attachment":[{"href":"https:\/\/www.goldenglobe.hr\/index.php\/wp-json\/wp\/v2\/media?parent=6518"}],"wp:term":[{"taxonomy":"product_cat","embeddable":true,"href":"https:\/\/www.goldenglobe.hr\/index.php\/wp-json\/wp\/v2\/product_cat?post=6518"},{"taxonomy":"product_tag","embeddable":true,"href":"https:\/\/www.goldenglobe.hr\/index.php\/wp-json\/wp\/v2\/product_tag?post=6518"}],"curies":[{"name":"wp","href":"https:\/\/api.w.org\/{rel}","templated":true}]}}