{"id":6379,"date":"2023-03-17T07:52:19","date_gmt":"2023-03-17T07:52:19","guid":{"rendered":"https:\/\/www.goldenglobe.hr\/?post_type=product&#038;p=6379"},"modified":"2024-07-11T13:06:07","modified_gmt":"2024-07-11T13:06:07","slug":"rodach-paropropusna-folija","status":"publish","type":"product","link":"https:\/\/www.goldenglobe.hr\/index.php\/proizvod\/rodach-paropropusna-folija\/","title":{"rendered":"Rodach paropropusna krovna folija"},"content":{"rendered":"<p>RODACH paropropusna krovna folija vrhunski je proizvod proizveden u EU.<\/p>\n<ul>\n<li>Svaka rola sadr\u017ei 75 m2 folije<\/li>\n<li>Dostupne grama\u017ee (g): 135, 150, 170, 220.<\/li>\n<li>Tehni\u010dke specifikacije:\n<ul>\n<li><a href=\"https:\/\/www.goldenglobe.hr\/wp-content\/uploads\/2023\/03\/RODACH-135g.pdf\">RODACH 135g<\/a><\/li>\n<li><a href=\"https:\/\/www.goldenglobe.hr\/wp-content\/uploads\/2023\/03\/RODACH-150g.pdf\">RODACH 150g<\/a><\/li>\n<li><a href=\"https:\/\/www.goldenglobe.hr\/wp-content\/uploads\/2023\/03\/RODACH-170g.pdf\">RODACH 170g<\/a><\/li>\n<li><a href=\"https:\/\/www.goldenglobe.hr\/wp-content\/uploads\/2023\/03\/RODACH-220g.pdf\">RODACH 220g<\/a><\/li>\n<\/ul>\n<\/li>\n<\/ul>\n<p>Parapropusna krovna folija RODACH\u00a0 je vrsta membrane koja se koristi u gra\u0111evinarstvu kako bi se za\u0161titile konstrukcije od vlage i vjetra. Glavne prednosti parapropusne folije su:<\/p>\n<ul>\n<li>Folija \u0161titi konstrukciju od vlage i vjetra, \u0161to sprije\u010dava pojavu plijesni i propadanja drveta.<\/li>\n<li>Lako\u0107a ugradnje: Folija se mo\u017ee lako postaviti i prilagoditi veli\u010dini i obliku konstrukcije.<\/li>\n<li>Trajnost: Svaki od slojeva proizvoda ima UV stabilizatore koji usporavaju proces starenja uzrokovan vremenskim utjecajima (otpornost 1-3 mjeseci)<\/li>\n<li>Ekonomi\u010dnost: Folija je relativno povoljna u odnosu na druge materijale koji se koriste za za\u0161titu konstrukcija.<\/li>\n<li>Versatilnost: Paropropusna folija se mo\u017ee koristiti u razli\u010ditim gra\u0111evinskim projektima, uklju\u010duju\u0107i za\u0161titu zidova, krovova, temelja i podova.<\/li>\n<\/ul>\n<p>Ukratko, paropropusna krovna folija je jednostavna za upotrebu i ekonomi\u010dna za\u0161tita za gra\u0111evinske konstrukcije od vlage i vjetra. Rodach Paropropusna folija je najbolje rje\u0161enje radi nekoliko razloga:<\/p>\n<ol>\n<li>Rodach paropropusna folija omogu\u0107ava propu\u0161tanje vodene pare kroz krov, \u010dime se smanjuje rizik od kondenzacije i stvaranja vlage u krovnoj konstrukciji. To zna\u010di da folija sprje\u010dava nakupljanje vlage u krovu, \u0161to mo\u017ee dovesti do o\u0161te\u0107enja krova i pove\u0107ati rizik od razvoja gljivica i plijesni u krovnoj konstrukciji te truljenja drvene konstrukcije krova.<\/li>\n<li>Paropropusna krovna folija ima izvrsnu otpornost na UV zrake i druge vanjske utjecaje, \u0161to joj omogu\u0107uje dugotrajnost i pouzdanost u za\u0161titi krova.\u00a0Svaki od slojeva proizvoda ima UV stabilizatore koji usporavaju proces starenja uzrokovan vremenskim utjecajima (otpornost 1-3 mjeseci).\u00a0Rodach paropropusna folija se \u010dvrsto pri\u010dvr\u0161\u0107uje za krovnu konstrukciju i ne dopu\u0161ta prodor vodene pare da do\u0111e do krovne konstrukcije, \u0161to osigurava dugotrajnost krova i \u0161titi ga od vanjskih utjecaja.<\/li>\n<\/ol>\n<p>Sve ove karakteristike zajedno \u010dine Rodach paropropusnu foliju sigurnim rje\u0161enjem za za\u0161titu krova. Kupovinom Rodach parapropusne folije mo\u017eete biti sigurni da \u0107ete dobiti kvalitetan proizvod koji \u0107e pru\u017eiti dugotrajnu i pouzdanu za\u0161titu va\u0161eg krova od vode, vodene pare i drugih vanjskih utjecaja.<\/p>\n<p>U ponudi imamo snjegobrane za svaki crijep: BMI, BRAAS, Nexe, Tondach, Creaton, Jungmeier, itd. Nazovite na\u0161 tim oko bilo kakvih pitanja ili u napomeni tokom narud\u017ebe upi\u0161ite model crijepa za koji su Vam potrebni snjegobrani.<\/p>\n","protected":false},"excerpt":{"rendered":"<p>Rodach paropropusna krovna folija omogu\u0107ava propu\u0161tanje vodene pare kroz krov, \u010dime se smanjuje rizik od kondenzacije i stvaranja vlage u krovnoj konstrukciji. To zna\u010di da folija sprje\u010dava nakupljanje vlage u krovu, \u0161to mo\u017ee dovesti do o\u0161te\u0107enja krova i pove\u0107ati rizik od razvoja gljivica i plijesni u krovnoj konstrukciji te truljenja drvene konstrukcije krova. Rodach paropropusna folija \u0161titi krov od prodora vode. Na\u0161a folija je izra\u0111ena od vodonepropusnih materijala i ima svojstvo da sprje\u010dava prodor vode u krovnu konstrukciju. Paropropusna folija je otporna na UV zrake i druge \u0161tetne \u010dimbenike okoli\u0161a, \u0161to ju \u010dini dugotrajnom za\u0161titom za konstrukcije. Svaka rola sadr\u017ei 75 m2 folije. Dostupne grama\u017ee (g): 115, 135, 150, 170, 220<\/p>\n<p>1 rola = 75m2<\/p>\n<p>U ponudi imamo snjegobrane za svaki crijep: BMI, BRAAS, Nexe, Tondach, Creaton, Jungmeier, itd. Nazovite na\u0161 tim oko bilo kakvih pitanja ili u napomeni tokom narud\u017ebe upi\u0161ite model crijepa za koji su Vam potrebni snjegobrani.<\/p>\n","protected":false},"featured_media":6951,"template":"","meta":[],"product_cat":[56,58,54,55],"product_tag":[],"class_list":{"0":"post-6379","1":"product","2":"type-product","3":"status-publish","4":"has-post-thumbnail","6":"product_cat-crijep","7":"product_cat-limeni-krov","8":"product_cat-krovnaoprema","9":"product_cat-sindra","10":"col-12 col-sm-6 col-md-4 col-lg-3","12":"first","13":"instock","14":"taxable","15":"shipping-taxable","16":"purchasable","17":"product-type-variable"},"yoast_head":"<!-- This site is optimized with the Yoast SEO plugin v24.1 - https:\/\/yoast.com\/wordpress\/plugins\/seo\/ -->\n<title>Rodach paropropusna krovna folija - Krovna oprema za svaki krov<\/title>\n<meta name=\"description\" content=\"Rodach paropropusna krovna folija omogu\u0107ava propu\u0161tanje vodene pare kroz krov, \u010dime se smanjuje rizik od kondenzacije i stvaranja vlage u krovnoj konstrukciji. To zna\u010di da folija sprje\u010dava nakupljanje vlage u krovu, sprje\u010dava rizik od razvoja gljivica i plijesni u krovnoj konstrukciji te truljenja drvene konstrukcije krova.\" \/>\n<meta name=\"robots\" content=\"index, follow, max-snippet:-1, max-image-preview:large, max-video-preview:-1\" \/>\n<link rel=\"canonical\" href=\"https:\/\/www.goldenglobe.hr\/index.php\/proizvod\/rodach-paropropusna-folija\/\" \/>\n<meta property=\"og:locale\" content=\"hr_HR\" \/>\n<meta property=\"og:type\" content=\"article\" \/>\n<meta property=\"og:title\" content=\"Rodach paropropusna krovna folija - Krovna oprema za svaki krov\" \/>\n<meta property=\"og:description\" content=\"Rodach paropropusna krovna folija omogu\u0107ava propu\u0161tanje vodene pare kroz krov, \u010dime se smanjuje rizik od kondenzacije i stvaranja vlage u krovnoj konstrukciji. To zna\u010di da folija sprje\u010dava nakupljanje vlage u krovu, sprje\u010dava rizik od razvoja gljivica i plijesni u krovnoj konstrukciji te truljenja drvene konstrukcije krova.\" \/>\n<meta property=\"og:url\" content=\"https:\/\/www.goldenglobe.hr\/index.php\/proizvod\/rodach-paropropusna-folija\/\" \/>\n<meta property=\"og:site_name\" content=\"Golden Globe d.o.o.\" \/>\n<meta property=\"article:modified_time\" content=\"2024-07-11T13:06:07+00:00\" \/>\n<meta property=\"og:image\" content=\"https:\/\/www.goldenglobe.hr\/wp-content\/uploads\/2023\/03\/folija.png\" \/>\n\t<meta property=\"og:image:width\" content=\"1080\" \/>\n\t<meta property=\"og:image:height\" content=\"1080\" \/>\n\t<meta property=\"og:image:type\" content=\"image\/png\" \/>\n<meta name=\"twitter:card\" content=\"summary_large_image\" \/>\n<meta name=\"twitter:label1\" content=\"Procijenjeno vrijeme \u010ditanja\" \/>\n\t<meta name=\"twitter:data1\" content=\"3 minute\" \/>\n<script type=\"application\/ld+json\" class=\"yoast-schema-graph\">{\"@context\":\"https:\/\/schema.org\",\"@graph\":[{\"@type\":\"WebPage\",\"@id\":\"https:\/\/www.goldenglobe.hr\/index.php\/proizvod\/rodach-paropropusna-folija\/\",\"url\":\"https:\/\/www.goldenglobe.hr\/index.php\/proizvod\/rodach-paropropusna-folija\/\",\"name\":\"Rodach paropropusna krovna folija - Krovna oprema za svaki krov\",\"isPartOf\":{\"@id\":\"https:\/\/www.goldenglobe.hr\/#website\"},\"primaryImageOfPage\":{\"@id\":\"https:\/\/www.goldenglobe.hr\/index.php\/proizvod\/rodach-paropropusna-folija\/#primaryimage\"},\"image\":{\"@id\":\"https:\/\/www.goldenglobe.hr\/index.php\/proizvod\/rodach-paropropusna-folija\/#primaryimage\"},\"thumbnailUrl\":\"https:\/\/www.goldenglobe.hr\/wp-content\/uploads\/2023\/03\/folija.png\",\"datePublished\":\"2023-03-17T07:52:19+00:00\",\"dateModified\":\"2024-07-11T13:06:07+00:00\",\"description\":\"Rodach paropropusna krovna folija omogu\u0107ava propu\u0161tanje vodene pare kroz krov, \u010dime se smanjuje rizik od kondenzacije i stvaranja vlage u krovnoj konstrukciji. To zna\u010di da folija sprje\u010dava nakupljanje vlage u krovu, sprje\u010dava rizik od razvoja gljivica i plijesni u krovnoj konstrukciji te truljenja drvene konstrukcije krova.\",\"breadcrumb\":{\"@id\":\"https:\/\/www.goldenglobe.hr\/index.php\/proizvod\/rodach-paropropusna-folija\/#breadcrumb\"},\"inLanguage\":\"hr\",\"potentialAction\":[{\"@type\":\"ReadAction\",\"target\":[\"https:\/\/www.goldenglobe.hr\/index.php\/proizvod\/rodach-paropropusna-folija\/\"]}]},{\"@type\":\"ImageObject\",\"inLanguage\":\"hr\",\"@id\":\"https:\/\/www.goldenglobe.hr\/index.php\/proizvod\/rodach-paropropusna-folija\/#primaryimage\",\"url\":\"https:\/\/www.goldenglobe.hr\/wp-content\/uploads\/2023\/03\/folija.png\",\"contentUrl\":\"https:\/\/www.goldenglobe.hr\/wp-content\/uploads\/2023\/03\/folija.png\",\"width\":1080,\"height\":1080},{\"@type\":\"BreadcrumbList\",\"@id\":\"https:\/\/www.goldenglobe.hr\/index.php\/proizvod\/rodach-paropropusna-folija\/#breadcrumb\",\"itemListElement\":[{\"@type\":\"ListItem\",\"position\":1,\"name\":\"Po\u010detna stranica\",\"item\":\"https:\/\/www.goldenglobe.hr\/\"},{\"@type\":\"ListItem\",\"position\":2,\"name\":\"Trgovina\",\"item\":\"https:\/\/www.goldenglobe.hr\/index.php\/trgovina\/\"},{\"@type\":\"ListItem\",\"position\":3,\"name\":\"Rodach paropropusna krovna folija\"}]},{\"@type\":\"WebSite\",\"@id\":\"https:\/\/www.goldenglobe.hr\/#website\",\"url\":\"https:\/\/www.goldenglobe.hr\/\",\"name\":\"Golden Globe d.o.o.\",\"description\":\"Sve za krov na jednomu mjestu\",\"potentialAction\":[{\"@type\":\"SearchAction\",\"target\":{\"@type\":\"EntryPoint\",\"urlTemplate\":\"https:\/\/www.goldenglobe.hr\/?s={search_term_string}\"},\"query-input\":{\"@type\":\"PropertyValueSpecification\",\"valueRequired\":true,\"valueName\":\"search_term_string\"}}],\"inLanguage\":\"hr\"}]}<\/script>\n<!-- \/ Yoast SEO plugin. -->","yoast_head_json":{"title":"Rodach paropropusna krovna folija - Krovna oprema za svaki krov","description":"Rodach paropropusna krovna folija omogu\u0107ava propu\u0161tanje vodene pare kroz krov, \u010dime se smanjuje rizik od kondenzacije i stvaranja vlage u krovnoj konstrukciji. To zna\u010di da folija sprje\u010dava nakupljanje vlage u krovu, sprje\u010dava rizik od razvoja gljivica i plijesni u krovnoj konstrukciji te truljenja drvene konstrukcije krova.","robots":{"index":"index","follow":"follow","max-snippet":"max-snippet:-1","max-image-preview":"max-image-preview:large","max-video-preview":"max-video-preview:-1"},"canonical":"https:\/\/www.goldenglobe.hr\/index.php\/proizvod\/rodach-paropropusna-folija\/","og_locale":"hr_HR","og_type":"article","og_title":"Rodach paropropusna krovna folija - Krovna oprema za svaki krov","og_description":"Rodach paropropusna krovna folija omogu\u0107ava propu\u0161tanje vodene pare kroz krov, \u010dime se smanjuje rizik od kondenzacije i stvaranja vlage u krovnoj konstrukciji. To zna\u010di da folija sprje\u010dava nakupljanje vlage u krovu, sprje\u010dava rizik od razvoja gljivica i plijesni u krovnoj konstrukciji te truljenja drvene konstrukcije krova.","og_url":"https:\/\/www.goldenglobe.hr\/index.php\/proizvod\/rodach-paropropusna-folija\/","og_site_name":"Golden Globe d.o.o.","article_modified_time":"2024-07-11T13:06:07+00:00","og_image":[{"width":1080,"height":1080,"url":"https:\/\/www.goldenglobe.hr\/wp-content\/uploads\/2023\/03\/folija.png","type":"image\/png"}],"twitter_card":"summary_large_image","twitter_misc":{"Procijenjeno vrijeme \u010ditanja":"3 minute"},"schema":{"@context":"https:\/\/schema.org","@graph":[{"@type":"WebPage","@id":"https:\/\/www.goldenglobe.hr\/index.php\/proizvod\/rodach-paropropusna-folija\/","url":"https:\/\/www.goldenglobe.hr\/index.php\/proizvod\/rodach-paropropusna-folija\/","name":"Rodach paropropusna krovna folija - Krovna oprema za svaki krov","isPartOf":{"@id":"https:\/\/www.goldenglobe.hr\/#website"},"primaryImageOfPage":{"@id":"https:\/\/www.goldenglobe.hr\/index.php\/proizvod\/rodach-paropropusna-folija\/#primaryimage"},"image":{"@id":"https:\/\/www.goldenglobe.hr\/index.php\/proizvod\/rodach-paropropusna-folija\/#primaryimage"},"thumbnailUrl":"https:\/\/www.goldenglobe.hr\/wp-content\/uploads\/2023\/03\/folija.png","datePublished":"2023-03-17T07:52:19+00:00","dateModified":"2024-07-11T13:06:07+00:00","description":"Rodach paropropusna krovna folija omogu\u0107ava propu\u0161tanje vodene pare kroz krov, \u010dime se smanjuje rizik od kondenzacije i stvaranja vlage u krovnoj konstrukciji. To zna\u010di da folija sprje\u010dava nakupljanje vlage u krovu, sprje\u010dava rizik od razvoja gljivica i plijesni u krovnoj konstrukciji te truljenja drvene konstrukcije krova.","breadcrumb":{"@id":"https:\/\/www.goldenglobe.hr\/index.php\/proizvod\/rodach-paropropusna-folija\/#breadcrumb"},"inLanguage":"hr","potentialAction":[{"@type":"ReadAction","target":["https:\/\/www.goldenglobe.hr\/index.php\/proizvod\/rodach-paropropusna-folija\/"]}]},{"@type":"ImageObject","inLanguage":"hr","@id":"https:\/\/www.goldenglobe.hr\/index.php\/proizvod\/rodach-paropropusna-folija\/#primaryimage","url":"https:\/\/www.goldenglobe.hr\/wp-content\/uploads\/2023\/03\/folija.png","contentUrl":"https:\/\/www.goldenglobe.hr\/wp-content\/uploads\/2023\/03\/folija.png","width":1080,"height":1080},{"@type":"BreadcrumbList","@id":"https:\/\/www.goldenglobe.hr\/index.php\/proizvod\/rodach-paropropusna-folija\/#breadcrumb","itemListElement":[{"@type":"ListItem","position":1,"name":"Po\u010detna stranica","item":"https:\/\/www.goldenglobe.hr\/"},{"@type":"ListItem","position":2,"name":"Trgovina","item":"https:\/\/www.goldenglobe.hr\/index.php\/trgovina\/"},{"@type":"ListItem","position":3,"name":"Rodach paropropusna krovna folija"}]},{"@type":"WebSite","@id":"https:\/\/www.goldenglobe.hr\/#website","url":"https:\/\/www.goldenglobe.hr\/","name":"Golden Globe d.o.o.","description":"Sve za krov na jednomu mjestu","potentialAction":[{"@type":"SearchAction","target":{"@type":"EntryPoint","urlTemplate":"https:\/\/www.goldenglobe.hr\/?s={search_term_string}"},"query-input":{"@type":"PropertyValueSpecification","valueRequired":true,"valueName":"search_term_string"}}],"inLanguage":"hr"}]}},"_links":{"self":[{"href":"https:\/\/www.goldenglobe.hr\/index.php\/wp-json\/wp\/v2\/product\/6379","targetHints":{"allow":["GET"]}}],"collection":[{"href":"https:\/\/www.goldenglobe.hr\/index.php\/wp-json\/wp\/v2\/product"}],"about":[{"href":"https:\/\/www.goldenglobe.hr\/index.php\/wp-json\/wp\/v2\/types\/product"}],"wp:featuredmedia":[{"embeddable":true,"href":"https:\/\/www.goldenglobe.hr\/index.php\/wp-json\/wp\/v2\/media\/6951"}],"wp:attachment":[{"href":"https:\/\/www.goldenglobe.hr\/index.php\/wp-json\/wp\/v2\/media?parent=6379"}],"wp:term":[{"taxonomy":"product_cat","embeddable":true,"href":"https:\/\/www.goldenglobe.hr\/index.php\/wp-json\/wp\/v2\/product_cat?post=6379"},{"taxonomy":"product_tag","embeddable":true,"href":"https:\/\/www.goldenglobe.hr\/index.php\/wp-json\/wp\/v2\/product_tag?post=6379"}],"curies":[{"name":"wp","href":"https:\/\/api.w.org\/{rel}","templated":true}]}}