{"id":5564,"date":"2022-12-02T03:50:10","date_gmt":"2022-12-02T03:50:10","guid":{"rendered":"http:\/\/demo.themepiko.com\/stock\/default\/?page_id=23"},"modified":"2026-03-20T10:48:54","modified_gmt":"2026-03-20T10:48:54","slug":"home-2","status":"publish","type":"page","link":"https:\/\/www.goldenglobe.hr\/","title":{"rendered":"Po\u010detna"},"content":{"rendered":"<section class=\"wpb-content-wrapper\"><p>[vc_row el_class=&#8221;mb40&#8243;][vc_column][vc_custom_heading title_font_size=&#8221;fs25&#8243; sub_title_font=&#8221;&#8221; text=&#8221;Vi\u0161e od 30 godina ponosno uz Vas!&#8221; font_container=&#8221;tag:h3|text_align:center&#8221; use_theme_fonts=&#8221;yes&#8221; title=&#8221;&#8220;Pogledajte&#8221; href=&#8221;\/\/www.garaga.com\/&#8220;&#8221; target=&#8221;&#8220;_blank&#8220;&#8221; src=&#8221;&#8220;\/logosi-250\/garaga-logo.jpg&#8220;&#8221; alt=&#8221;&#8220;Gara\u017ena&#8221; width=&#8221;&#8220;250&#8220;&#8221; el_class=&#8221;mb55 mb30-md&#8221;][vc_column_text]<\/p>\n<table>\n<tbody>\n<tr>\n<th><a title=\"Vrhunska kvaliteta, najbolja cijena i najve\u0107i izbor kanadske \u0161indre na tr\u017ei\u0161tu.\" href=\"\/index.php\/kategorija-proizvoda\/sindra\/\" target=\"_self\" rel=\"noopener\"><img decoding=\"async\" src=\"\/wp-content\/uploads\/2025\/10\/Sindra.jpg\" alt=\"Kanadska \u0161indra\" width=\"250\" \/><\/a><\/th>\n<th><a title=\"Sve za krovove na jednome mjestu, obratite se nama za najbolju cijenu i ponudu.\" href=\"\/index.php\/kategorija-proizvoda\/crijep\/\" target=\"_self\" rel=\"noopener\"><img decoding=\"async\" src=\"\/wp-content\/uploads\/2025\/10\/crijep-2.jpg\" alt=\"Pokrovni materijali - crijep, najbolja cijena\" width=\"250\" \/><\/a><\/th>\n<th><a title=\"Najpovoljni limeni krov.\" href=\"\/index.php\/kategorija-proizvoda\/limeni-krov\/\" target=\"_self\" rel=\"noopener\"><img decoding=\"async\" src=\"\/wp-content\/uploads\/2025\/10\/Lim2.jpg\" alt=\"Limeni krov u obliku crijepa\" width=\"250\" \/><\/a><\/th>\n<\/tr>\n<tr>\n<th><a title=\"Vrhunska kvaliteta i najbolja cijena za krovne prozore - Rolux krovni prozori i oprema.\" href=\"\/index.php\/kategorija-proizvoda\/krovni-prozori-rolux\/\" target=\"_self\" rel=\"noopener\"><img decoding=\"async\" src=\"\/wp-content\/uploads\/2023\/03\/Rolux-krovni-prozori-i-oprema-za-krovne-prozore.png\" alt=\"ROLUX krovni prozori\" width=\"250\" \/><\/a><\/th>\n<td><a title=\"Najkompletnija ponuda OSB plo\u010da na tr\u017ei\u0161tu\" href=\"\/index.php\/kategorija-proizvoda\/osb\/\" target=\"_self\" rel=\"noopener\"><img decoding=\"async\" src=\"\/wp-content\/uploads\/2023\/03\/OSB-ploce-najveci-izbor.png\" alt=\"OSB plo\u010de za krovove i podove\" width=\"250\" \/><\/a><\/td>\n<th><a title=\"RODACH, najve\u0107i izbor krovne opreme.\" href=\"\/index.php\/kategorija-proizvoda\/krovnaoprema\/\" target=\"_self\" rel=\"noopener\"><img decoding=\"async\" src=\"\/wp-content\/uploads\/2023\/03\/Rodach-krovna-oprema.png\" alt=\"RODACH, najve\u0107i izbor krovne opreme\" width=\"250\" \/><\/a><\/th>\n<\/tr>\n<tr>\n<td><a title=\"Rostep - aluminijske ljestve\" href=\"\/index.php\/kategorija-proizvoda\/aluminijske-ljestve\/\" target=\"_self\" rel=\"noopener\"><img decoding=\"async\" src=\"\/wp-content\/uploads\/2023\/03\/Rostep-aluminijske-ljestve-profesionalne-i-kucne.png\" alt=\"Rostep aluminijske ljestve\" width=\"250\" \/><\/a><\/td>\n<td><a title=\"Dekorativni kamen\" href=\"https:\/\/goldenglobe.hr\/rostondekorativnikamen\/\" target=\"_self\" rel=\"noopener\"><img decoding=\"async\" src=\"\/wp-content\/uploads\/2025\/03\/Rostone-dekorativni-kamen.png\" alt=\"Roston dekorativni kamen\" width=\"250\" \/><\/a><\/td>\n<td><a title=\"Sezona grijanja - drva za ogrjev vrhunske kvalitete\" href=\"\/index.php\/kategorija-proizvoda\/ogrijevna-drva\/\" target=\"_self\" rel=\"noopener\"><img decoding=\"async\" src=\"\/wp-content\/uploads\/2024\/01\/ogrjevno-drvo.png\" alt=\"Drva za ogrjev\" width=\"250\" \/><\/a><\/td>\n<\/tr>\n<tr>\n<td><a title=\"Gara\u017ena vrata po mjeri RODOR obratite za najbolju cijenu i ponudu.\" href=\"\/index.php\/kategorija-proizvoda\/garaznavrata\/\" rel=\"noopener\"><img loading=\"lazy\" decoding=\"async\" class=\"alignnone\" src=\"\/wp-content\/uploads\/2023\/03\/Rodor-garazna-vrata.png\" alt=\"Gara\u017ena vrata po mjeri RODOR\" width=\"250\" height=\"600\" \/><\/a><\/td>\n<td><a title=\"Dekorativna cigla\" href=\"\/index.php\/kategorija-proizvoda\/dekorativna-cigla\/\" target=\"_self\" rel=\"noopener\"><img decoding=\"async\" src=\"\/wp-content\/uploads\/2025\/08\/Dekorativna-cigla.png\" alt=\"Dekorativna cigla, veliki izbor, povolne cijene\" width=\"250\" \/><\/a><\/td>\n<td><a title=\"SPC podovi - ROFLOR SPC podne obloge vrhunska kvaliteta\" href=\"\/index.php\/kategorija-proizvoda\/roflor-podovi\/\" target=\"_self\" rel=\"noopener\"><img decoding=\"async\" src=\"\/wp-content\/uploads\/2023\/11\/ROFLOR-SPC-podovi-vrhunska-kvaliteta.jpeg\" alt=\"SPC podovi nova generacija vinil podova\" width=\"250\" \/><\/a><\/td>\n<\/tr>\n<tr>\n<td><\/td>\n<td><a title=\"Pamu\u010dne majice\" href=\"\/index.php\/kategorija-proizvoda\/majice\/\" target=\"_self\" rel=\"noopener\"><img decoding=\"async\" src=\"\/wp-content\/uploads\/2023\/11\/Najpovoljnije-pamucne-T-shirt-majice-2.jpeg\" alt=\"Najpovoljnije pamu\u010dne majice za tisak\" width=\"250\" \/><\/a><\/td>\n<td><\/td>\n<\/tr>\n<\/tbody>\n<\/table>\n<p>[\/vc_column_text][vc_column_text]Krovni prozori Rolux &#8211; Krovni prozori Velux &#8211; kanadska \u0161indra IKO &#8211; OSB plo\u010de Swiss krono &#8211; Kompletna rje\u0161enja za krov BMI group &#8211; Limeni krovovi i fasade Ruukki &#8211; Gara\u017ena vrata Garaga[\/vc_column_text][\/vc_column][\/vc_row][vc_row full_width=&#8221;stretch_row_content_no_spaces&#8221; el_class=&#8221;mb100 mb60-md mb40-sm&#8221;][vc_column]\n\t\t\t<!-- START home1 REVOLUTION SLIDER 6.6.5 --><p class=\"rs-p-wp-fix\"><\/p>\n\t\t\t<rs-module-wrap id=\"rev_slider_1_1_wrapper\" data-source=\"gallery\" style=\"visibility:hidden;background:transparent;padding:0;margin:0px auto;margin-top:0;margin-bottom:0;\">\n\t\t\t\t<rs-module id=\"rev_slider_1_1\" style=\"\" data-version=\"6.6.5\">\n\t\t\t\t\t<rs-slides style=\"overflow: hidden; position: absolute;\">\n\t\t\t\t\t\t<rs-slide style=\"position: absolute;\" data-key=\"rs-1\" data-title=\"Slide\" data-anim=\"ms:1100;\" data-in=\"o:0;\" data-out=\"a:false;\">\n\t\t\t\t\t\t\t<img decoding=\"async\" src=\"\/\/www.goldenglobe.hr\/wp-content\/plugins\/revslider\/public\/assets\/assets\/dummy.png\" alt=\"Slide\" title=\"Po\u010detna\" class=\"rev-slidebg tp-rs-img rs-lazyload\" data-lazyload=\"\/\/www.goldenglobe.hr\/wp-content\/plugins\/revslider\/public\/assets\/assets\/transparent.png\" data-bg=\"c:#f2f2f2;\" data-parallax=\"off\" data-no-retina>\n<!--\n\t\t\t\t\t\t\t--><rs-layer\n\t\t\t\t\t\t\t\tid=\"slider-1-slide-1-layer-17\" \n\t\t\t\t\t\t\t\tdata-type=\"image\"\n\t\t\t\t\t\t\t\tdata-rsp_ch=\"on\"\n\t\t\t\t\t\t\t\tdata-xy=\"xo:-4px,29px,5px,-67px;yo:0,8px,7px,0;\"\n\t\t\t\t\t\t\t\tdata-text=\"l:22;a:inherit;\"\n\t\t\t\t\t\t\t\tdata-dim=\"w:517px,319px,319px,247px;h:498px,669px,669px,519px;\"\n\t\t\t\t\t\t\t\tdata-frame_0=\"x:-50px;\"\n\t\t\t\t\t\t\t\tdata-frame_1=\"e:power3.out;sp:1750;sR:10;\"\n\t\t\t\t\t\t\t\tdata-frame_999=\"o:0;st:w;sR:7240;\"\n\t\t\t\t\t\t\t\tstyle=\"z-index:6;\"\n\t\t\t\t\t\t\t><img decoding=\"async\" src=\"\/\/www.goldenglobe.hr\/wp-content\/plugins\/revslider\/public\/assets\/assets\/dummy.png\" alt=\"\" class=\"tp-rs-img rs-lazyload\" width=\"945\" height=\"910\" data-lazyload=\"\/\/www.goldenglobe.hr\/wp-content\/uploads\/2013\/06\/Rolux-krovni-prozor-FOF-4.jpg\" data-no-retina> \n\t\t\t\t\t\t\t<\/rs-layer><!--\n\n\t\t\t\t\t\t\t--><rs-layer\n\t\t\t\t\t\t\t\tid=\"slider-1-slide-1-layer-18\" \n\t\t\t\t\t\t\t\tdata-type=\"text\"\n\t\t\t\t\t\t\t\tdata-color=\"#444444||#444444||#222222||#222222\"\n\t\t\t\t\t\t\t\tdata-rsp_ch=\"on\"\n\t\t\t\t\t\t\t\tdata-xy=\"xo:643px,505px,400px,220px;yo:329px,179px,176px,149px;\"\n\t\t\t\t\t\t\t\tdata-text=\"s:25;l:27;fw:300;a:inherit;\"\n\t\t\t\t\t\t\t\tdata-frame_0=\"x:50px;\"\n\t\t\t\t\t\t\t\tdata-frame_1=\"e:power2.out;st:1390;sp:1300;sR:1390;\"\n\t\t\t\t\t\t\t\tdata-frame_999=\"o:0;st:w;sR:6310;\"\n\t\t\t\t\t\t\t\tstyle=\"z-index:7;font-family:'Roboto';\"\n\t\t\t\t\t\t\t>Krovni prozori ROLUX \n\t\t\t\t\t\t\t<\/rs-layer><!--\n\n\t\t\t\t\t\t\t--><rs-layer\n\t\t\t\t\t\t\t\tid=\"slider-1-slide-1-layer-19\" \n\t\t\t\t\t\t\t\tdata-type=\"text\"\n\t\t\t\t\t\t\t\tdata-color=\"#222222||#222222||#333333||#333333\"\n\t\t\t\t\t\t\t\tdata-rsp_ch=\"on\"\n\t\t\t\t\t\t\t\tdata-xy=\"xo:645px,504px,399px,220px;yo:369px,217px,218px,185px;\"\n\t\t\t\t\t\t\t\tdata-text=\"s:40,40,40,30;l:44;a:inherit;\"\n\t\t\t\t\t\t\t\tdata-frame_0=\"x:50px;\"\n\t\t\t\t\t\t\t\tdata-frame_1=\"x:-3px,0,0,0;y:-5px,0,0,0;e:power2.out;st:1930;sp:1300;sR:1930;\"\n\t\t\t\t\t\t\t\tdata-frame_999=\"o:0;st:w;sR:5770;\"\n\t\t\t\t\t\t\t\tstyle=\"z-index:8;font-family:'Roboto';\"\n\t\t\t\t\t\t\t>Elegancija bez premca \n\t\t\t\t\t\t\t<\/rs-layer><!--\n\n\t\t\t\t\t\t\t--><rs-layer\n\t\t\t\t\t\t\t\tid=\"slider-1-slide-1-layer-20\" \n\t\t\t\t\t\t\t\tdata-type=\"text\"\n\t\t\t\t\t\t\t\tdata-xy=\"xo:646px,506px,402px,222px;yo:432px,281px,278px,240px;\"\n\t\t\t\t\t\t\t\tdata-text=\"a:inherit;\"\n\t\t\t\t\t\t\t\tdata-rsp_bd=\"off\"\n\t\t\t\t\t\t\t\tdata-frame_0=\"x:50px;\"\n\t\t\t\t\t\t\t\tdata-frame_1=\"st:2330;sp:1300;sR:2330;\"\n\t\t\t\t\t\t\t\tdata-frame_999=\"o:0;st:w;sR:5370;\"\n\t\t\t\t\t\t\t\tstyle=\"z-index:9;font-family:'Roboto';\"\n\t\t\t\t\t\t\t><a class=\"button\" href=\"\/index.php\/kategorija-proizvoda\/krovni-prozori-rolux\/\" target=\"_blank\">Naru\u010di odmah<\/a> \n\t\t\t\t\t\t\t<\/rs-layer><!--\n\n\t\t\t\t\t\t\t--><rs-layer\n\t\t\t\t\t\t\t\tid=\"slider-1-slide-1-layer-21\" \n\t\t\t\t\t\t\t\tdata-type=\"text\"\n\t\t\t\t\t\t\t\tdata-rsp_ch=\"on\"\n\t\t\t\t\t\t\t\tdata-xy=\"xo:269px,165px,122px,19px;yo:210px,230px,229px,175px;\"\n\t\t\t\t\t\t\t\tdata-text=\"s:100,65,65,50;l:100,70,70,55;fw:500;a:inherit;\"\n\t\t\t\t\t\t\t\tdata-frame_0=\"y:-50px;rZ:90;\"\n\t\t\t\t\t\t\t\tdata-frame_1=\"x:148px,0,0,0;y:2px,0,0,0;rZ:90;e:power2.out;st:1620;sp:1000;sR:1620;\"\n\t\t\t\t\t\t\t\tdata-frame_999=\"o:0;st:w;sR:6380;\"\n\t\t\t\t\t\t\t\tdata-loop_0=\"xR:5px;yR:5px;oX:50;oY:50;\"\n\t\t\t\t\t\t\t\tdata-loop_999=\"xR:5px;yR:5px;crd:t;sp:2000;yys:t;yyf:t;\"\n\t\t\t\t\t\t\t\tstyle=\"z-index:5;font-family:'Roboto';\"\n\t\t\t\t\t\t\t>ROLUX \n\t\t\t\t\t\t\t<\/rs-layer><!--\n-->\t\t\t\t\t\t<\/rs-slide>\n\t\t\t\t\t\t<rs-slide style=\"position: absolute;\" data-key=\"rs-2\" data-title=\"Slide\" data-anim=\"ms:1100;\" data-in=\"o:0;\" data-out=\"a:false;\">\n\t\t\t\t\t\t\t<img decoding=\"async\" src=\"\/\/www.goldenglobe.hr\/wp-content\/plugins\/revslider\/public\/assets\/assets\/dummy.png\" alt=\"Slide\" title=\"Po\u010detna\" class=\"rev-slidebg tp-rs-img rs-lazyload\" data-lazyload=\"\/\/www.goldenglobe.hr\/wp-content\/plugins\/revslider\/public\/assets\/assets\/transparent.png\" data-bg=\"c:#f2f2f2;\" data-parallax=\"off\" data-no-retina>\n<!--\n\t\t\t\t\t\t\t--><rs-layer\n\t\t\t\t\t\t\t\tid=\"slider-1-slide-2-layer-18\" \n\t\t\t\t\t\t\t\tdata-type=\"text\"\n\t\t\t\t\t\t\t\tdata-color=\"#444444||#222222||#222222||#222222\"\n\t\t\t\t\t\t\t\tdata-rsp_ch=\"on\"\n\t\t\t\t\t\t\t\tdata-xy=\"xo:300px,200px,70px,25px;yo:329px,179px,176px,149px;\"\n\t\t\t\t\t\t\t\tdata-text=\"s:25;l:27;fw:300;a:inherit;\"\n\t\t\t\t\t\t\t\tdata-frame_0=\"x:50px;\"\n\t\t\t\t\t\t\t\tdata-frame_1=\"e:power2.out;st:1390;sp:1300;sR:1390;\"\n\t\t\t\t\t\t\t\tdata-frame_999=\"o:0;st:w;sR:6310;\"\n\t\t\t\t\t\t\t\tstyle=\"z-index:7;font-family:'Roboto';\"\n\t\t\t\t\t\t\t>Za\u0161tita od sunca \n\t\t\t\t\t\t\t<\/rs-layer><!--\n\n\t\t\t\t\t\t\t--><rs-layer\n\t\t\t\t\t\t\t\tid=\"slider-1-slide-2-layer-19\" \n\t\t\t\t\t\t\t\tdata-type=\"text\"\n\t\t\t\t\t\t\t\tdata-color=\"#222222||#333333||#333333||#333333\"\n\t\t\t\t\t\t\t\tdata-rsp_ch=\"on\"\n\t\t\t\t\t\t\t\tdata-xy=\"xo:300px,200px,70px,25px;yo:369px,217px,218px,185px;\"\n\t\t\t\t\t\t\t\tdata-text=\"s:40,40,40,30;l:44;a:inherit;\"\n\t\t\t\t\t\t\t\tdata-frame_0=\"x:50px;\"\n\t\t\t\t\t\t\t\tdata-frame_1=\"e:power2.out;st:1950;sp:1300;sR:1950;\"\n\t\t\t\t\t\t\t\tdata-frame_999=\"o:0;st:w;sR:5750;\"\n\t\t\t\t\t\t\t\tstyle=\"z-index:8;font-family:'Roboto';\"\n\t\t\t\t\t\t\t>Sjenila za krovne  prozore \n\t\t\t\t\t\t\t<\/rs-layer><!--\n\n\t\t\t\t\t\t\t--><rs-layer\n\t\t\t\t\t\t\t\tid=\"slider-1-slide-2-layer-20\" \n\t\t\t\t\t\t\t\tdata-type=\"text\"\n\t\t\t\t\t\t\t\tdata-xy=\"xo:302px,202px,72px,25px;yo:432px,281px,278px,240px;\"\n\t\t\t\t\t\t\t\tdata-text=\"a:inherit;\"\n\t\t\t\t\t\t\t\tdata-rsp_bd=\"off\"\n\t\t\t\t\t\t\t\tdata-frame_0=\"x:50px;\"\n\t\t\t\t\t\t\t\tdata-frame_1=\"st:2640;sp:1300;sR:2640;\"\n\t\t\t\t\t\t\t\tdata-frame_999=\"o:0;st:w;sR:5060;\"\n\t\t\t\t\t\t\t\tstyle=\"z-index:9;font-family:'Roboto';\"\n\t\t\t\t\t\t\t><a class=\"button\" href=\"\/index.php\/proizvod\/rolux-siesta-sjenilo-bez\/\" target=\"_blank\">Naru\u010di odmah<\/a> \n\t\t\t\t\t\t\t<\/rs-layer><!--\n\n\t\t\t\t\t\t\t--><rs-layer\n\t\t\t\t\t\t\t\tid=\"slider-1-slide-2-layer-21\" \n\t\t\t\t\t\t\t\tdata-type=\"text\"\n\t\t\t\t\t\t\t\tdata-rsp_ch=\"on\"\n\t\t\t\t\t\t\t\tdata-xy=\"xo:750px,450px,278px,123px;yo:205px,223px,225px,190px;\"\n\t\t\t\t\t\t\t\tdata-text=\"s:100,65,65,50;l:100,70,70,55;fw:500;a:inherit;\"\n\t\t\t\t\t\t\t\tdata-frame_0=\"y:-50px;rZ:270;\"\n\t\t\t\t\t\t\t\tdata-frame_1=\"rZ:270;e:power2.out;st:1620;sp:1000;sR:1620;\"\n\t\t\t\t\t\t\t\tdata-frame_999=\"o:0;st:w;sR:6380;\"\n\t\t\t\t\t\t\t\tdata-loop_0=\"xR:5px;yR:5px;oX:50;oY:50;\"\n\t\t\t\t\t\t\t\tdata-loop_999=\"xR:5px;yR:5px;crd:t;sp:2000;yys:t;yyf:t;\"\n\t\t\t\t\t\t\t\tstyle=\"z-index:6;font-family:'Roboto';\"\n\t\t\t\t\t\t\t>SJENILA \n\t\t\t\t\t\t\t<\/rs-layer><!--\n\n\t\t\t\t\t\t\t--><rs-layer\n\t\t\t\t\t\t\t\tid=\"slider-1-slide-2-layer-23\" \n\t\t\t\t\t\t\t\tdata-type=\"image\"\n\t\t\t\t\t\t\t\tdata-rsp_ch=\"on\"\n\t\t\t\t\t\t\t\tdata-xy=\"xo:1008px,702px,523px,303px;yo:62px,2px,7px,4px;\"\n\t\t\t\t\t\t\t\tdata-text=\"l:22;a:inherit;\"\n\t\t\t\t\t\t\t\tdata-dim=\"w:433px,233px,207px,194px;h:433px,750px,664px,622px;\"\n\t\t\t\t\t\t\t\tdata-frame_0=\"x:50px;\"\n\t\t\t\t\t\t\t\tdata-frame_1=\"x:-1px,0,0,0;y:0px,0,0,0;st:170;sp:1660;sR:170;\"\n\t\t\t\t\t\t\t\tdata-frame_999=\"o:0;st:w;sR:7170;\"\n\t\t\t\t\t\t\t\tstyle=\"z-index:5;\"\n\t\t\t\t\t\t\t><img decoding=\"async\" src=\"\/\/www.goldenglobe.hr\/wp-content\/plugins\/revslider\/public\/assets\/assets\/dummy.png\" alt=\"\" class=\"tp-rs-img rs-lazyload\" width=\"1200\" height=\"1200\" data-lazyload=\"\/\/www.goldenglobe.hr\/wp-content\/uploads\/2023\/02\/Rolux-sjenilo-bez.jpg\" data-no-retina> \n\t\t\t\t\t\t\t<\/rs-layer><!--\n-->\t\t\t\t\t\t<\/rs-slide>\n\t\t\t\t\t<\/rs-slides>\n\t\t\t\t<\/rs-module>\n\t\t\t\t<script>\n\t\t\t\t\tsetREVStartSize({c: 'rev_slider_1_1',rl:[1240,1024,778,480],el:[800,500,500,400],gw:[1350,1024,768,480],gh:[800,500,500,400],type:'standard',justify:'',layout:'fullwidth',mh:\"0\"});if (window.RS_MODULES!==undefined && window.RS_MODULES.modules!==undefined && window.RS_MODULES.modules[\"revslider11\"]!==undefined) {window.RS_MODULES.modules[\"revslider11\"].once = false;window.revapi1 = undefined;if (window.RS_MODULES.checkMinimal!==undefined) window.RS_MODULES.checkMinimal()}\n\t\t\t\t<\/script>\n\t\t\t<\/rs-module-wrap>\n\t\t\t<!-- END REVOLUTION SLIDER -->\n[\/vc_column][\/vc_row][vc_row disable_element=&#8221;yes&#8221; el_class=&#8221;mb25&#8243;][vc_column][vc_custom_heading title_font_size=&#8221;fs25&#8243; sub_title_font=&#8221;&#8221; text=&#8221;Novo u ponudi&#8221; font_container=&#8221;tag:h3|text_align:center&#8221; use_theme_fonts=&#8221;yes&#8221; sub_title=&#8221;Odnedavno dostupno u na\u0161oj web trgovini&#8221; el_class=&#8221;mb55 mb30-md&#8221;][tabs_product tabs_panels=&#8221;&#8221; product_img=&#8221;rollover&#8221; no_gutters=&#8221;&#8221; per_page=&#8221;8&#8243; catbg_color=&#8221;#f91800&#8243; items_mobile_device=&#8221;2&#8243; header_layout_align=&#8221;text-center&#8221; new_product=&#8221;&#8221; popular_product_title=&#8221;Top seller&#8221; onsale_product_title=&#8221;Sale&#8221; toprated_product=&#8221;enable&#8221;][tab_section header=&#8221;New Arrivals&#8221; section_type=&#8221;new-arrival&#8221;][\/tabs_product][\/vc_column][\/vc_row][vc_row disable_element=&#8221;yes&#8221; el_class=&#8221;mb40&#8243;][vc_column][vc_custom_heading title_font_size=&#8221;fs25&#8243; sub_title_font=&#8221;&#8221; text=&#8221;Sve za krov&#8221; font_container=&#8221;tag:h3|text_align:center&#8221; use_theme_fonts=&#8221;yes&#8221; sub_title=&#8221;Krovovi, krovna oprema, krovni prozori &#8211; objave&#8221; el_class=&#8221;mb55 mb30-md&#8221;][pikoworks_blog_post number=&#8221;3&#8243; items_very_large_device=&#8221;3&#8243; items_large_device=&#8221;3&#8243; heading_title=&#8221;&#8221;][\/vc_column][\/vc_row][vc_row disable_element=&#8221;yes&#8221; el_class=&#8221;mb80 mb40-md&#8221;][vc_column width=&#8221;1\/3&#8243;][pikoworks_icon_block icon_type=&#8221;stroke&#8221; style=&#8221;1&#8243; block_title=&#8221;Besplatna dostava&#8221; block_desc=&#8221;Besplatna dostava na podru\u010dju Hrvatske za sve narud\u017ebe iznad 100 \u20ac&#8221; icon_stroke=&#8221;pe-7s-car&#8221; icon_color=&#8221;#f8981d&#8221; el_class=&#8221;mb25-sm&#8221;][\/vc_column][vc_column width=&#8221;1\/3&#8243;][pikoworks_icon_block icon_type=&#8221;stroke&#8221; style=&#8221;1&#8243; block_title=&#8221;Pravo na povrat robe&#8221; block_desc=&#8221;Kupljenu robu mo\u017eete vratiti originalno zapakiranu u roku 15 dana.&#8221; icon_stroke=&#8221;pe-7s-refresh-2&#8243; icon_color=&#8221;#f8981d&#8221; el_class=&#8221;mb25-sm&#8221;][\/vc_column][vc_column width=&#8221;1\/3&#8243;][pikoworks_icon_block icon_type=&#8221;stroke&#8221; style=&#8221;1&#8243; block_title=&#8221;Pla\u0107anje&#8221; block_desc=&#8221;Robu \u0161aljemo tek nakon \u0161to Va\u0161a uplata bude vidljiva&#8221; icon_stroke=&#8221;pe-7s-wallet&#8221; icon_color=&#8221;#f8981d&#8221; el_class=&#8221;mb25-sm&#8221;][\/vc_column][\/vc_row][vc_row full_width=&#8221;stretch_row_content_no_spaces&#8221; disable_element=&#8221;yes&#8221; css=&#8221;.vc_custom_1675941724450{margin-bottom: -55px !important;}&#8221;][vc_column][pikoworks_instagram size=&#8221;small&#8221; target=&#8221;_blank&#8221; is_slider=&#8221;yes&#8221; margin=&#8221;no-gap&#8221; use_responsive=&#8221;1&#8243; items_very_large_device=&#8221;6&#8243; items_mobile_device=&#8221;2&#8243; heading_title=&#8221;&#8221; username=&#8221;piko.stock&#8221; number=&#8221;10&#8243; css=&#8221;.vc_custom_1542281131168{margin-top: 10px !important;}&#8221;][\/vc_column][\/vc_row]<\/p>\n<\/section>","protected":false},"excerpt":{"rendered":"<p>[vc_row el_class=&#8221;mb40&#8243;][vc_column][vc_custom_heading title_font_size=&#8221;fs25&#8243; sub_title_font=&#8221;&#8221; text=&#8221;Vi\u0161e od 30 godina ponosno uz Vas!&#8221; font_container=&#8221;tag:h3|text_align:center&#8221; use_theme_fonts=&#8221;yes&#8221; title=&#8221;&#8220;Pogledajte&#8221; href=&#8221;\/\/www.garaga.com\/&#8220;&#8221; target=&#8221;&#8220;_blank&#8220;&#8221; src=&#8221;&#8220;\/logosi-250\/garaga-logo.jpg&#8220;&#8221; alt=&#8221;&#8220;Gara\u017ena&#8221; width=&#8221;&#8220;250&#8220;&#8221; el_class=&#8221;mb55 mb30-md&#8221;][vc_column_text] [\/vc_column_text][vc_column_text]Krovni prozori Rolux &#8211; Krovni prozori Velux &#8211; kanadska \u0161indra IKO &#8211; OSB plo\u010de Swiss krono &#8211; Kompletna rje\u0161enja za krov BMI group &#8211; Limeni krovovi i fasade Ruukki &#8211; Gara\u017ena vrata Garaga[\/vc_column_text][\/vc_column][\/vc_row][vc_row full_width=&#8221;stretch_row_content_no_spaces&#8221; [&hellip;]<\/p>\n","protected":false},"author":1,"featured_media":0,"parent":0,"menu_order":0,"comment_status":"closed","ping_status":"closed","template":"","meta":{"footnotes":""},"class_list":["post-5564","page","type-page","status-publish","hentry"],"yoast_head":"<!-- This site is optimized with the Yoast SEO plugin v24.1 - https:\/\/yoast.com\/wordpress\/plugins\/seo\/ -->\n<title>Golden Globe d.o.o. Krovni prozori, krovna oprema, kompletna rje\u0161enja za krov<\/title>\n<meta name=\"description\" content=\"Krovni prozori Rolux - Krovni prozori Velux - kanadska \u0161indra IKO - Podne obloge visoke kvalitete - OSB plo\u010de Swiss krono - Kompletna rje\u0161enja za krov BMI group - Limeni krovovi i fasade Ruukki - Gara\u017ena vrata Garaga\" \/>\n<meta name=\"robots\" content=\"index, follow, max-snippet:-1, max-image-preview:large, max-video-preview:-1\" \/>\n<link rel=\"canonical\" href=\"https:\/\/www.goldenglobe.hr\/\" \/>\n<meta property=\"og:locale\" content=\"hr_HR\" \/>\n<meta property=\"og:type\" content=\"article\" \/>\n<meta property=\"og:title\" content=\"Golden Globe d.o.o. Krovni prozori, krovna oprema, kompletna rje\u0161enja za krov\" \/>\n<meta property=\"og:description\" content=\"Krovni prozori Rolux - Krovni prozori Velux - kanadska \u0161indra IKO - Podne obloge visoke kvalitete - OSB plo\u010de Swiss krono - Kompletna rje\u0161enja za krov BMI group - Limeni krovovi i fasade Ruukki - Gara\u017ena vrata Garaga\" \/>\n<meta property=\"og:url\" content=\"https:\/\/www.goldenglobe.hr\/\" \/>\n<meta property=\"og:site_name\" content=\"Golden Globe d.o.o.\" \/>\n<meta property=\"article:modified_time\" content=\"2026-03-20T10:48:54+00:00\" \/>\n<meta name=\"twitter:card\" content=\"summary_large_image\" \/>\n<meta name=\"twitter:label1\" content=\"Procijenjeno vrijeme \u010ditanja\" \/>\n\t<meta name=\"twitter:data1\" content=\"4 minute\" \/>\n<script type=\"application\/ld+json\" class=\"yoast-schema-graph\">{\"@context\":\"https:\/\/schema.org\",\"@graph\":[{\"@type\":\"WebPage\",\"@id\":\"https:\/\/www.goldenglobe.hr\/\",\"url\":\"https:\/\/www.goldenglobe.hr\/\",\"name\":\"Golden Globe d.o.o. Krovni prozori, krovna oprema, kompletna rje\u0161enja za krov\",\"isPartOf\":{\"@id\":\"https:\/\/www.goldenglobe.hr\/#website\"},\"datePublished\":\"2022-12-02T03:50:10+00:00\",\"dateModified\":\"2026-03-20T10:48:54+00:00\",\"description\":\"Krovni prozori Rolux - Krovni prozori Velux - kanadska \u0161indra IKO - Podne obloge visoke kvalitete - OSB plo\u010de Swiss krono - Kompletna rje\u0161enja za krov BMI group - Limeni krovovi i fasade Ruukki - Gara\u017ena vrata Garaga\",\"breadcrumb\":{\"@id\":\"https:\/\/www.goldenglobe.hr\/#breadcrumb\"},\"inLanguage\":\"hr\",\"potentialAction\":[{\"@type\":\"ReadAction\",\"target\":[\"https:\/\/www.goldenglobe.hr\/\"]}]},{\"@type\":\"BreadcrumbList\",\"@id\":\"https:\/\/www.goldenglobe.hr\/#breadcrumb\",\"itemListElement\":[{\"@type\":\"ListItem\",\"position\":1,\"name\":\"Po\u010detna stranica\",\"item\":\"https:\/\/www.goldenglobe.hr\/\"},{\"@type\":\"ListItem\",\"position\":2,\"name\":\"Po\u010detna\"}]},{\"@type\":\"WebSite\",\"@id\":\"https:\/\/www.goldenglobe.hr\/#website\",\"url\":\"https:\/\/www.goldenglobe.hr\/\",\"name\":\"Golden Globe d.o.o.\",\"description\":\"Sve za krov na jednomu mjestu\",\"potentialAction\":[{\"@type\":\"SearchAction\",\"target\":{\"@type\":\"EntryPoint\",\"urlTemplate\":\"https:\/\/www.goldenglobe.hr\/?s={search_term_string}\"},\"query-input\":{\"@type\":\"PropertyValueSpecification\",\"valueRequired\":true,\"valueName\":\"search_term_string\"}}],\"inLanguage\":\"hr\"}]}<\/script>\n<!-- \/ Yoast SEO plugin. -->","yoast_head_json":{"title":"Golden Globe d.o.o. Krovni prozori, krovna oprema, kompletna rje\u0161enja za krov","description":"Krovni prozori Rolux - Krovni prozori Velux - kanadska \u0161indra IKO - Podne obloge visoke kvalitete - OSB plo\u010de Swiss krono - Kompletna rje\u0161enja za krov BMI group - Limeni krovovi i fasade Ruukki - Gara\u017ena vrata Garaga","robots":{"index":"index","follow":"follow","max-snippet":"max-snippet:-1","max-image-preview":"max-image-preview:large","max-video-preview":"max-video-preview:-1"},"canonical":"https:\/\/www.goldenglobe.hr\/","og_locale":"hr_HR","og_type":"article","og_title":"Golden Globe d.o.o. Krovni prozori, krovna oprema, kompletna rje\u0161enja za krov","og_description":"Krovni prozori Rolux - Krovni prozori Velux - kanadska \u0161indra IKO - Podne obloge visoke kvalitete - OSB plo\u010de Swiss krono - Kompletna rje\u0161enja za krov BMI group - Limeni krovovi i fasade Ruukki - Gara\u017ena vrata Garaga","og_url":"https:\/\/www.goldenglobe.hr\/","og_site_name":"Golden Globe d.o.o.","article_modified_time":"2026-03-20T10:48:54+00:00","twitter_card":"summary_large_image","twitter_misc":{"Procijenjeno vrijeme \u010ditanja":"4 minute"},"schema":{"@context":"https:\/\/schema.org","@graph":[{"@type":"WebPage","@id":"https:\/\/www.goldenglobe.hr\/","url":"https:\/\/www.goldenglobe.hr\/","name":"Golden Globe d.o.o. Krovni prozori, krovna oprema, kompletna rje\u0161enja za krov","isPartOf":{"@id":"https:\/\/www.goldenglobe.hr\/#website"},"datePublished":"2022-12-02T03:50:10+00:00","dateModified":"2026-03-20T10:48:54+00:00","description":"Krovni prozori Rolux - Krovni prozori Velux - kanadska \u0161indra IKO - Podne obloge visoke kvalitete - OSB plo\u010de Swiss krono - Kompletna rje\u0161enja za krov BMI group - Limeni krovovi i fasade Ruukki - Gara\u017ena vrata Garaga","breadcrumb":{"@id":"https:\/\/www.goldenglobe.hr\/#breadcrumb"},"inLanguage":"hr","potentialAction":[{"@type":"ReadAction","target":["https:\/\/www.goldenglobe.hr\/"]}]},{"@type":"BreadcrumbList","@id":"https:\/\/www.goldenglobe.hr\/#breadcrumb","itemListElement":[{"@type":"ListItem","position":1,"name":"Po\u010detna stranica","item":"https:\/\/www.goldenglobe.hr\/"},{"@type":"ListItem","position":2,"name":"Po\u010detna"}]},{"@type":"WebSite","@id":"https:\/\/www.goldenglobe.hr\/#website","url":"https:\/\/www.goldenglobe.hr\/","name":"Golden Globe d.o.o.","description":"Sve za krov na jednomu mjestu","potentialAction":[{"@type":"SearchAction","target":{"@type":"EntryPoint","urlTemplate":"https:\/\/www.goldenglobe.hr\/?s={search_term_string}"},"query-input":{"@type":"PropertyValueSpecification","valueRequired":true,"valueName":"search_term_string"}}],"inLanguage":"hr"}]}},"_links":{"self":[{"href":"https:\/\/www.goldenglobe.hr\/index.php\/wp-json\/wp\/v2\/pages\/5564","targetHints":{"allow":["GET"]}}],"collection":[{"href":"https:\/\/www.goldenglobe.hr\/index.php\/wp-json\/wp\/v2\/pages"}],"about":[{"href":"https:\/\/www.goldenglobe.hr\/index.php\/wp-json\/wp\/v2\/types\/page"}],"author":[{"embeddable":true,"href":"https:\/\/www.goldenglobe.hr\/index.php\/wp-json\/wp\/v2\/users\/1"}],"replies":[{"embeddable":true,"href":"https:\/\/www.goldenglobe.hr\/index.php\/wp-json\/wp\/v2\/comments?post=5564"}],"version-history":[{"count":42,"href":"https:\/\/www.goldenglobe.hr\/index.php\/wp-json\/wp\/v2\/pages\/5564\/revisions"}],"predecessor-version":[{"id":7303,"href":"https:\/\/www.goldenglobe.hr\/index.php\/wp-json\/wp\/v2\/pages\/5564\/revisions\/7303"}],"wp:attachment":[{"href":"https:\/\/www.goldenglobe.hr\/index.php\/wp-json\/wp\/v2\/media?parent=5564"}],"curies":[{"name":"wp","href":"https:\/\/api.w.org\/{rel}","templated":true}]}}